NOAA style reports

NOAA-style Climate Reports

Select NOAA data to display

Select a Year or Month report

Report for 2018 Jul





                            MONTHLY CLIMATOLOGICAL SUMMARY for JUL. 2018

NAME: Chelmer Village   CITY: Chelmsford STATE: Essex
ELEV: 110 LAT: 51:44:60 LONG: 0:30:40

                            TEMPERATURE ( C), RAIN (mm), WIND SPEED (mph)

                                               HEAT     COOL           AVG
      MEAN                                     DEG      DEG            WIND                       DOM
DAY   TEMP    HIGH   TIME     LOW    TIME      DAYS     DAYS    RAIN   SPEED    HIGH    TIME      DIR
--------------------------------------------------------------------------------------------------------
01    20.5    27.1   15:28    13.4   04:48     00.0     02.2    00.0   01.9     16.1    15:00     ENE
02    20.2    26.4   14:41    14.6   00:00     00.0     01.9    00.0   03.6     20.7    18:01     ENE
03    18.1    24.6   15:58    11.8   05:04     00.2     00.0    00.0   03.4     18.4    14:28      E 
04    17.4    26.8   17:12    11.2   05:24     00.9     00.0    00.0   00.9     11.5    17:50      E 
05    21.0    29.1   16:33    14.0   05:32     00.0     02.7    00.0   00.4     11.5    10:57     ESE
06    21.3    30.3   17:00    14.5   05:16     00.0     03.0    00.0   01.0     13.8    16:05     NNE
07    21.9    32.1   16:13    14.4   05:05     00.0     03.6    00.0   01.0     16.1    17:26     ENE
08    21.0    29.1   15:02    13.6   05:52     00.0     02.7    00.0   00.7     11.5    12:43     ENE
09    20.1    29.0   14:53    14.1   05:03     00.0     01.8    00.0   01.2     16.1    18:23     ENE
10    16.9    23.3   16:45    13.3   00:00     01.4     00.0    00.0   01.4     17.3    12:33     NNW
11    16.6    23.2   17:36    13.3   00:20     01.7     00.0    00.0   01.0     09.2    19:03     NNE
12    16.9    24.8   15:07    11.9   05:37     01.4     00.0    00.0   00.6     09.2    17:53     ENE
13    17.7    25.8   15:18    13.6   00:00     00.6     00.0    00.0   01.0     12.7    16:24      E 
14    19.2    27.6   16:27    12.5   05:46     00.0     00.9    00.0   00.8     12.7    14:12     ESE
15    21.1    30.4   15:44    12.9   05:50     00.0     02.8    00.0   00.8     12.7    17:45     ESE
16    22.1    30.9   15:22    13.4   05:43     00.0     03.8    00.0   00.8     12.7    22:31     WSW
17    19.1    25.7   16:04    13.8   06:23     00.0     00.8    00.0   02.2     16.1    09:00     WSW
18    19.8    27.1   14:49    14.6   05:00     00.0     01.5    00.0   00.3     09.2    17:53     WSW
19    19.4    27.1   13:49    12.7   05:51     00.0     01.1    00.0   01.1     13.8    12:46     ESE
20    18.7    25.7   12:22    14.1   04:20     00.0     00.4    00.3   00.7     12.7    13:07      S 
21    20.9    29.3   15:36    15.9   04:11     00.0     02.6    00.0   00.3     09.2    19:03      W 
22    21.9    29.1   17:33    14.7   05:26     00.0     03.6    00.0   01.0     14.9    14:31     WNW
23    23.6    32.8   17:02    15.8   04:54     00.0     05.3    00.0   01.1     13.8    19:24     SSW
24    23.5    31.9   16:52    16.0   05:53     00.0     05.2    00.0   01.1     13.8    14:59     WSW
25    22.5    31.8   17:07    16.5   06:06     00.0     04.2    00.0   01.1     12.7    17:34      E 
26    24.1    33.3   16:44    15.9   05:04     00.0     05.8    00.0   01.6     18.4    14:50      E 
27    23.8    34.1   15:27    16.8   23:51     00.0     05.5    06.1   01.2     17.3    19:29     SSW
28    18.4    23.2   14:15    15.4   08:13     00.0     00.1    01.0   05.6     24.1    13:08      SW
29    16.9    19.2   18:05    14.8   01:09     01.4     00.0    04.1   04.2     20.7    22:05      S 
30    19.4    24.5   15:55    16.1   00:00     00.0     01.1    01.3   02.6     19.6    15:04     SSW
31    18.6    26.4   17:21    13.6   07:33     00.0     00.3    07.6   01.6     18.4    11:07      SW
--------------------------------------------------------------------------------------------------------
20.1 (21.0)   34.1  day 27     11.2  day 04   007.4    062.7   020.3   01.5     24.2   day 28     SSE
Max >=  25: 24
Max Rain: 7.6 ON 31-07-18
Days of Rain: 6 (> .2mm) 3 (> 2mm) 0 (> 20mm)