NOAA style reports

NOAA-style Climate Reports

Select NOAA data to display

Select a Year or Month report

Report for 2018 Jun





                            MONTHLY CLIMATOLOGICAL SUMMARY for JUN. 2018

NAME: Chelmer Village   CITY: Chelmsford STATE: Essex
ELEV: 110 LAT: 51:44:60 LONG: 0:30:40

                            TEMPERATURE ( C), RAIN (mm), WIND SPEED (mph)

                                               HEAT     COOL           AVG
      MEAN                                     DEG      DEG            WIND                       DOM
DAY   TEMP    HIGH   TIME     LOW    TIME      DAYS     DAYS    RAIN   SPEED    HIGH    TIME      DIR
--------------------------------------------------------------------------------------------------------
01    19.1    27.3   17:04    14.4   05:19     00.0     00.8    00.0   00.9     11.5    19:07      SW
02    19.2    26.6   17:39    15.0   00:00     00.0     00.9    00.0   01.6     12.7    19:05      W 
03    18.5    25.5   17:01    12.4   05:29     00.0     00.2    00.0   00.9     11.5    13:30     ENE
04    15.3    18.6   13:45    12.7   03:11     03.0     00.0    00.0   01.3     11.5    22:23      NE
05    14.2    20.1   17:21    10.3   00:00     04.1     00.0    00.0   01.7     11.5    17:03      NE
06    15.2    23.8   16:11    08.2   03:42     03.1     00.0    00.0   01.1     11.5    14:13     ENE
07    16.3    23.3   16:03    11.3   04:53     02.0     00.0    00.0   01.0     09.2    18:05     ENE
08    16.5    22.5   16:45    12.2   04:10     01.8     00.0    00.5   00.9     11.5    11:58      NE
09    16.1    23.4   13:54    11.9   05:20     02.2     00.0    00.3   01.1     10.3    16:21      E 
10    15.6    21.1   15:28    11.9   00:00     02.7     00.0    00.0   01.0     08.1    21:04      E 
11    16.6    25.2   15:16    09.8   04:34     01.7     00.0    00.0   02.1     14.9    14:52      E 
12    14.2    19.9   17:15    10.2   23:58     04.1     00.0    00.0   01.3     12.7    17:16     NNE
13    15.6    24.0   15:07    07.1   04:46     02.7     00.0    00.0   01.8     14.9    18:54      SW
14    17.7    25.6   16:37    13.3   23:33     00.6     00.0    00.0   04.3     20.7    08:03      SW
15    17.8    25.3   14:30    11.8   05:34     00.5     00.0    00.0   00.8     11.5    17:08      W 
16    17.3    23.8   16:51    13.4   05:17     01.0     00.0    00.0   02.8     16.1    18:16      SW
17    16.1    20.5   13:33    12.7   03:15     02.2     00.0    00.0   03.0     16.1    19:46      SW
18    19.9    28.1   17:00    15.4   06:46     00.0     01.6    00.3   03.7     19.6    13:01     WSW
19    21.4    28.1   15:36    17.4   04:59     00.0     03.1    00.0   02.6     17.3    02:03     WSW
20    19.9    27.7   15:20    14.9   04:40     00.0     01.6    00.0   03.2     19.6    19:45     WSW
21    15.5    22.4   16:54    10.6   05:40     02.8     00.0    00.0   03.1     19.6    11:55      NW
22    15.4    24.4   17:44    08.8   05:04     02.9     00.0    00.0   01.6     17.3    13:50     NNW
23    16.9    24.9   14:44    09.2   04:24     01.4     00.0    00.0   01.4     18.4    14:04     WNW
24    17.2    26.0   15:15    10.6   05:30     01.1     00.0    00.0   00.6     09.2    19:13     ESE
25    19.5    29.1   17:28    10.3   05:17     00.0     01.2    00.0   01.0     11.5    20:12     ESE
26    17.5    24.8   14:35    11.4   00:00     00.8     00.0    00.0   01.7     11.5    18:48      E 
27    16.3    23.9   15:38    10.8   01:26     02.0     00.0    00.0   01.6     11.5    22:34      E 
28    17.9    26.8   15:00    10.9   02:23     00.4     00.0    00.0   02.1     16.1    16:32     ENE
29    18.1    27.1   15:41    11.6   05:26     00.2     00.0    00.0   01.9     16.1    13:13     ENE
30    18.7    25.9   15:12    12.3   01:54     00.0     00.4    00.0   03.1     19.6    14:43     ENE
--------------------------------------------------------------------------------------------------------
17.2 (18.1)   29.1  day 25     07.1  day 13   043.3    009.7   000.5   01.8     20.7   day 30      W 
Max >=  25: 14
Max Rain: 0.5 ON 8-06-18
Days of Rain: 3 (> .2mm) 0 (> 2mm) 0 (> 20mm)