NOAA style reports

NOAA-style Climate Reports

Select NOAA data to display

Select a Year or Month report

Report for 2018 May





                            MONTHLY CLIMATOLOGICAL SUMMARY for MAY. 2018

NAME: Chelmer Village   CITY: Chelmsford STATE: Essex
ELEV: 110 LAT: 51:44:60 LONG: 0:30:40

                            TEMPERATURE ( C), RAIN (mm), WIND SPEED (mph)

                                               HEAT     COOL           AVG
      MEAN                                     DEG      DEG            WIND                       DOM
DAY   TEMP    HIGH   TIME     LOW    TIME      DAYS     DAYS    RAIN   SPEED    HIGH    TIME      DIR
--------------------------------------------------------------------------------------------------------
01    08.9    16.9   14:44    03.1   06:15     09.4     00.0    00.0   02.9     18.4    16:25      SW
02    09.5    14.6   15:38    06.3   00:00     08.8     00.0    05.8   03.9     21.9    15:50     SSW
03    10.5    18.6   17:36    01.9   05:46     07.8     00.0    00.0   00.6     11.5    14:47     WSW
04    13.9    21.3   14:49    08.9   00:00     04.4     00.0    00.0   00.5     12.7    15:27      S 
05    13.4    21.8   13:58    05.3   05:46     04.9     00.0    00.0   01.1     11.5    14:36      E 
06    14.8    24.3   15:19    06.4   05:52     03.5     00.0    00.0   01.0     14.9    13:10      E 
07    16.9    27.5   14:21    07.7   05:13     01.4     00.0    00.0   01.0     11.5    17:21      E 
08    17.2    28.3   15:13    07.6   05:41     01.1     00.0    00.0   01.5     18.4    19:35      W 
09    17.3    24.9   16:18    10.5   06:49     01.0     00.0    00.0   01.2     14.9    14:17     WSW
10    12.2    16.0   18:33    09.0   09:03     06.1     00.0    01.8   02.4     20.7    07:12     WNW
11    12.0    17.0   16:03    05.0   05:33     06.3     00.0    00.0   01.7     16.1    14:09     SSE
12    12.3    15.0   13:33    09.0   06:33     06.0     00.0    12.3   02.7     08.1    15:33      S 
13    12.9    19.3   16:56    09.1   00:00     05.4     00.0    01.0   03.4     12.7    13:32     WNW
14    13.2    19.6   17:15    08.3   01:21     05.1     00.0    00.0   02.5     17.3    17:52     NNW
15    15.3    24.0   16:09    08.6   05:15     03.0     00.0    00.0   01.8     16.1    12:44     NNW
16    11.8    15.3   11:42    07.8   00:00     06.5     00.0    00.0   03.1     17.3    16:23      N 
17    11.2    19.1   16:14    05.0   05:35     07.1     00.0    00.0   01.6     13.8    09:19     NNE
18    10.6    19.9   15:49    03.6   05:11     07.7     00.0    00.0   00.5     09.2    17:15      NE
19    12.1    21.4   14:48    04.9   05:16     06.2     00.0    00.0   00.8     10.3    15:11      E 
20    13.1    21.0   15:47    07.8   01:48     05.2     00.0    00.0   01.2     11.5    10:51      E 
21    15.4    25.1   15:31    07.4   03:41     02.9     00.0    00.0   00.7     10.3    16:18      NE
22    16.1    24.0   14:33    10.1   05:30     02.2     00.0    00.0   02.4     16.1    14:36      N 
23    14.0    21.7   14:56    09.9   06:05     04.3     00.0    00.0   03.0     14.9    15:33     NNE
24    16.8    24.9   13:03    11.3   06:34     01.5     00.0    03.0   02.4     16.1    16:20      NE
25    16.2    19.5   17:39    12.6   06:42     02.1     00.0    03.3   00.2     06.9    11:50     NNE
26    19.0    26.3   14:20    13.9   00:09     00.0     00.7    00.0   02.7     18.4    16:30     ENE
27    20.4    28.0   15:44    15.6   05:29     00.0     02.1    00.0   02.5     16.1    09:11      E 
28    19.5    28.4   16:25    13.4   04:56     00.0     01.2    00.0   01.2     12.7    11:30     NNE
29    15.5    18.6   10:43    13.6   00:00     02.8     00.0    19.3   02.4     18.4    15:28     NNW
30    15.7    22.0   17:35    12.4   05:02     02.6     00.0    03.6   00.3     10.3    00:43      N 
31    18.2    22.7   15:02    13.9   07:16     00.1     00.0    00.0   00.8     10.3    15:25      E 
--------------------------------------------------------------------------------------------------------
14.4 (15.1)   28.4  day 28     01.9  day 03   125.3    004.0   050.3   01.7     21.9   day 26     NNE
Max >=  25: 6
Max Rain: 19.3 ON 29-05-18
Days of Rain: 8 (> .2mm) 6 (> 2mm) 0 (> 20mm)