NOAA style reports

NOAA-style Climate Reports

Select NOAA data to display

Select a Year or Month report

Report for 2018 Apr





                            MONTHLY CLIMATOLOGICAL SUMMARY for APR. 2018

NAME: Chelmer Village   CITY: Chelmsford STATE: Essex
ELEV: 110 LAT: 51:44:60 LONG: 0:30:40

                            TEMPERATURE ( C), RAIN (mm), WIND SPEED (mph)

                                               HEAT     COOL           AVG
      MEAN                                     DEG      DEG            WIND                       DOM
DAY   TEMP    HIGH   TIME     LOW    TIME      DAYS     DAYS    RAIN   SPEED    HIGH    TIME      DIR
--------------------------------------------------------------------------------------------------------
01    05.6    08.3   13:31    03.7   06:46     12.7     00.0    00.3   02.1     19.6    00:56     WNW
02    08.3    12.4   12:41    04.1   02:36     10.0     00.0    10.2   09.2     18.4    15:03      S 
03    11.2    16.1   14:56    07.8   00:00     07.1     00.0    00.3   13.2     20.7    16:33     SSW
04    09.9    14.6   11:38    06.3   02:53     08.4     00.0    01.5   04.7     20.7    16:32      S 
05    08.0    13.9   16:09    03.8   23:58     10.3     00.0    00.0   03.1     19.6    05:32     WNW
06    09.1    16.6   15:34    03.4   00:49     09.2     00.0    00.0   02.7     18.4    11:29      SE
07    11.7    19.4   15:07    06.4   04:58     06.6     00.0    00.8   02.1     17.3    15:53      S 
08    10.7    13.3   15:42    08.9   06:56     07.6     00.0    04.8   00.1     06.9    17:16      NW
09    08.5    09.9   00:15    07.5   23:09     09.8     00.0    05.1   01.2     10.3    19:53     ENE
10    10.1    14.3   18:03    07.3   07:17     08.2     00.0    02.8   01.0     13.8    15:14     ENE
11    09.4    11.0   14:42    07.4   08:35     08.9     00.0    01.0   00.6     09.2    20:25     NNE
12    08.3    10.0   13:11    06.9   00:00     10.0     00.0    00.0   01.0     09.2    19:42     NNE
13    08.7    12.0   17:45    06.5   06:40     09.6     00.0    00.0   00.6     11.5    16:15     WSW
14    13.3    18.6   14:44    08.8   23:55     05.0     00.0    00.0   01.9     13.8    16:55     ESE
15    11.1    17.0   14:56    08.0   01:13     07.2     00.0    00.3   01.6     14.9    17:09     SSE
16    11.2    16.9   13:37    07.1   06:26     07.1     00.0    00.0   02.7     16.1    12:12     SSW
17    14.0    21.5   14:20    07.8   01:12     04.3     00.0    00.0   04.1     20.7    16:09      S 
18    15.5    24.4   14:46    07.9   06:25     02.8     00.0    00.0   01.8     13.8    18:02     ESE
19    17.3    27.9   14:59    07.6   05:53     01.0     00.0    00.0   00.9     11.5    16:06      E 
20    17.2    26.9   15:07    09.8   05:56     01.1     00.0    00.0   01.3     12.7    18:45     NNW
21    14.2    21.9   13:47    08.3   06:24     04.1     00.0    00.0   01.8     13.8    10:49      E 
22    17.6    25.7   14:50    10.6   06:34     00.7     00.0    00.3   02.6     17.3    12:15      SW
23    12.7    17.3   14:47    08.0   05:40     05.6     00.0    00.0   03.2     16.1    17:18     WSW
24    13.6    18.4   15:30    11.0   00:54     04.7     00.0    00.0   04.2     19.6    20:36      SW
25    11.6    17.5   15:05    08.0   05:58     06.7     00.0    01.8   03.7     18.4    16:24     WSW
26    10.8    16.8   16:41    06.4   05:59     07.5     00.0    00.3   03.1     18.4    11:09     WSW
27    09.0    11.4   13:30    06.2   02:40     09.3     00.0    08.4   01.3     13.8    13:34     ESE
28    08.9    10.3   13:21    07.1   22:57     09.4     00.0    03.0   00.9     10.3    17:04     NNW
29    07.0    08.0   09:52    06.2   22:33     11.3     00.0    00.0   03.2     20.7    23:46     NNE
30    06.0    07.9   18:51    04.7   06:36     12.3     00.0    17.8   05.3     24.1    18:15     NNW
--------------------------------------------------------------------------------------------------------
11.0 (11.6)   27.9  day 19     03.4  day 06   218.6    000.0   061.7   02.9     24.2   day 03     SSW
Max >=  25: 3
Max Rain: 17.8 ON 30-04-18
Days of Rain: 16 (> .2mm) 7 (> 2mm) 0 (> 20mm)