NOAA style reports

NOAA-style Climate Reports

Select NOAA data to display

Select a Year or Month report

Report for 2018 Mar





                            MONTHLY CLIMATOLOGICAL SUMMARY for MAR. 2018

NAME: Chelmer Village   CITY: Chelmsford STATE: Essex
ELEV: 110 LAT: 51:44:60 LONG: 0:30:40

                            TEMPERATURE ( C), RAIN (mm), WIND SPEED (mph)

                                               HEAT     COOL           AVG
      MEAN                                     DEG      DEG            WIND                       DOM
DAY   TEMP    HIGH   TIME     LOW    TIME      DAYS     DAYS    RAIN   SPEED    HIGH    TIME      DIR
--------------------------------------------------------------------------------------------------------
01   -02.4    00.0   20:18   -04.2   06:07     20.7     00.0    00.0   08.3     26.4    20:19      E 
02   -01.0    00.4   00:00   -01.6   16:45     19.3     00.0    00.0   07.5     26.4    00:32      E 
03    01.8    04.5   04:27    00.4   00:24     16.5     00.0    00.0   03.2     16.1    12:59      E 
04    05.0    09.1   12:41    01.4   00:01     13.3     00.0    06.3   00.9     10.3    10:26      SE
05    06.7    09.9   12:28    03.4   07:04     11.6     00.0    00.3   02.1     12.7    16:38     ESE
06    06.9    11.0   13:47    01.6   23:59     11.4     00.0    00.0   00.9     09.2    06:05      S 
07    05.4    11.5   14:40    01.8   00:02     12.9     00.0    03.6   01.0     14.9    15:18     WNW
08    06.8    09.9   15:16    01.9   00:16     11.5     00.0    00.0   03.5     21.9    13:06     WSW
09    05.5    09.9   12:29   -00.4   04:51     12.8     00.0    07.6   01.1     10.3    15:40      SE
10    10.3    13.8   16:38    05.8   23:58     08.0     00.0    00.3   01.5     13.8    18:08      S 
11    07.2    09.0   12:40    05.6   00:30     11.1     00.0    02.0   01.6     13.8    13:04      E 
12    07.8    10.6   16:40    05.6   00:00     10.5     00.0    01.8   02.9     20.7    22:39      NW
13    07.3    12.4   15:10    04.4   00:00     11.0     00.0    00.3   02.2     18.4    01:57     WNW
14    08.6    12.6   15:17    03.0   14:02     09.7     00.0    00.0   05.2     18.4    22:48     ESE
15    08.0    11.1   15:00    06.2   06:36     10.3     00.0    03.3   02.9     18.4    01:27     ESE
16    09.6    15.6   13:10    05.8   00:00     08.7     00.0    00.3   01.8     16.1    23:25      SE
17    00.2    05.7   00:06   -01.6   20:57     18.1     00.0    00.3   04.4     19.6    12:48     ENE
18    00.1    01.2   21:30   -00.9   01:59     18.2     00.0    00.0   04.9     21.9    04:42     ENE
19    01.2    04.3   14:04   -00.5   06:18     17.1     00.0    00.3   03.9     20.7    12:26      NE
20    04.4    10.0   13:28   -00.1   00:00     13.9     00.0    00.0   02.1     19.6    08:42      N 
21    05.2    12.1   13:58   -01.8   06:18     13.1     00.0    00.0   01.8     18.4    13:37      W 
22    08.3    13.6   12:35    05.4   03:53     10.0     00.0    00.0   02.7     16.1    13:12      W 
23    09.1    15.1   12:40    05.8   06:22     09.2     00.0    00.3   03.5     18.4    11:21     SSW
24    07.4    09.2   13:52    06.1   06:39     10.9     00.0    00.5   00.6     06.9    07:16      E 
25    08.4    12.8   16:25    05.0   00:00     09.9     00.0    00.0   00.4     09.2    16:17      N 
26    07.9    13.6   14:07    02.4   07:15     10.4     00.0    00.0   01.0     13.8    14:45     WNW
27    07.9    14.0   15:50    04.8   08:29     10.4     00.0    06.4   01.7     20.7    17:36     WSW
28    05.6    08.6   17:06    03.3   23:20     12.7     00.0    13.0   01.0     16.1    15:07      W 
29    05.2    11.2   12:43    00.2   06:41     13.1     00.0    02.8   02.1     18.4    14:43     SSE
30    05.3    08.4   10:19    02.4   05:34     13.0     00.0    12.7   02.5     18.4    16:15      E 
31    05.8    08.0   13:07    04.1   05:42     12.5     00.0    00.8   01.5     18.4    23:31      W 
--------------------------------------------------------------------------------------------------------
05.7 (6.0)   15.6  day 16    -04.2  day 01   391.9    000.0   062.4   02.6     26.5   day 01      E 
Max <=   5: 5
Min <=   1: 10
Min <= -2: 1
Max Rain: 13.0 ON 28-03-18
Days of Rain: 19 (> .2mm) 8 (> 2mm) 0 (> 20mm)