NOAA style reports

NOAA-style Climate Reports

Select NOAA data to display

Select a Year or Month report

Report for 2018 Feb





                            MONTHLY CLIMATOLOGICAL SUMMARY for FEB. 2018

NAME: Chelmer Village   CITY: Chelmsford STATE: Essex
ELEV: 110 LAT: 51:44:60 LONG: 0:30:40

                            TEMPERATURE ( C), RAIN (mm), WIND SPEED (mph)

                                               HEAT     COOL           AVG
      MEAN                                     DEG      DEG            WIND                       DOM
DAY   TEMP    HIGH   TIME     LOW    TIME      DAYS     DAYS    RAIN   SPEED    HIGH    TIME      DIR
--------------------------------------------------------------------------------------------------------
01    04.3    07.6   14:00    01.6   01:20     14.0     00.0    03.6   05.2     25.3    12:46     WNW
02    04.4    07.1   14:53    02.4   08:18     13.9     00.0    00.5   03.1     23.0    10:45     WNW
03    03.9    06.0   14:07    02.3   05:50     14.4     00.0    00.3   00.3     06.9    23:51      NW
04    03.1    05.9   13:07    01.4   20:55     15.2     00.0    00.0   02.7     16.1    10:10     NNE
05    02.3    04.6   14:15    00.4   06:24     16.0     00.0    00.0   01.8     12.7    14:22      NE
06    01.6    04.9   14:13   -01.2   21:19     16.7     00.0    00.0   00.8     12.7    15:53      N 
07    01.6    05.9   14:53   -03.2   23:45     16.7     00.0    00.0   01.3     13.8    05:50      NW
08    02.1    07.9   14:48   -04.8   05:02     16.2     00.0    00.0   01.9     16.1    22:26     SSW
09    04.3    05.6   13:14    00.3   00:00     14.0     00.0    08.4   04.6     21.9    20:16      W 
10    03.8    09.1   00:00   -02.3   06:01     14.5     00.0    01.5   03.3     18.4    16:40     SSW
11    05.0    10.1   01:05    00.7   00:00     13.3     00.0    00.3   05.2     25.3    12:40      W 
12    02.6    08.5   13:59   -00.9   08:04     15.7     00.0    00.0   01.8     16.1    14:31     WSW
13    03.1    06.1   10:55    00.4   02:57     15.2     00.0    01.8   03.7     18.4    13:06     SSE
14    04.5    06.8   11:56    03.1   08:16     13.8     00.0    05.8   04.3     28.8    19:11     SSE
15    07.2    11.3   14:24    03.3   00:00     11.1     00.0    00.3   02.6     18.4    15:28     WSW
16    04.1    10.6   14:13   -00.3   07:08     14.2     00.0    00.0   00.7     12.7    11:33      SW
17    03.7    10.9   14:26   -00.9   07:24     14.6     00.0    00.0   00.3     06.9    14:21      SE
18    04.8    12.1   13:52   -00.9   05:59     13.5     00.0    00.0   00.6     09.2    15:01      SE
19    07.8    10.2   15:56    05.5   05:50     10.5     00.0    03.8   00.5     09.2    15:37     WSW
20    06.6    08.7   13:38    03.2   00:00     11.7     00.0    05.8   02.0     18.4    17:55      N 
21    03.5    06.7   15:07   -00.5   06:32     14.8     00.0    00.5   00.5     08.1    15:35     NNE
22    02.6    05.9   13:57   -00.1   23:59     15.7     00.0    00.0   02.6     18.4    12:44      E 
23    01.9    04.3   09:35   -01.6   04:22     16.4     00.0    00.0   03.2     18.4    16:26      E 
24    01.9    05.9   14:31   -02.1   04:21     16.4     00.0    00.0   05.2     23.0    10:54      E 
25    01.2    04.3   14:22   -01.0   06:45     17.1     00.0    00.0   04.4     21.9    10:16      E 
26   -00.5    01.8   14:57   -02.8   22:44     18.8     00.0    00.0   02.9     19.6    09:50     ENE
27   -02.1    02.0   14:14   -05.5   00:00     20.4     00.0    00.0   01.2     18.4    10:49      NE
28   -03.5   -00.1   13:17   -05.9   00:40     21.8     00.0    00.0   03.2     24.1    12:32     ENE
--------------------------------------------------------------------------------------------------------
03.1 (3.2)   12.1  day 18    -05.9  day 28   426.6    000.0   032.6   02.5     28.8   day 11      E 
Max <=   5: 7
Min <=   1: 20
Min <= -2: 7
Min <=  -5: 2
Max Rain: 8.4 ON 9-02-18
Days of Rain: 12 (> .2mm) 5 (> 2mm) 0 (> 20mm)