NOAA style reports

NOAA-style Climate Reports

Select NOAA data to display

Select a Year or Month report

Report for 2017 Nov





                            MONTHLY CLIMATOLOGICAL SUMMARY for NOV. 2017

NAME: Chelmer Village   CITY: Chelmsford STATE: Essex
ELEV: 110 LAT: 51:44:60 LONG: 0:30:40

                            TEMPERATURE ( C), RAIN (mm), WIND SPEED (mph)

                                               HEAT     COOL           AVG
      MEAN                                     DEG      DEG            WIND                       DOM
DAY   TEMP    HIGH   TIME     LOW    TIME      DAYS     DAYS    RAIN   SPEED    HIGH    TIME      DIR
--------------------------------------------------------------------------------------------------------
01    09.6    14.6   14:46    04.8   00:00     08.7     00.0    00.0   00.4     08.1    13:14      SW
02    08.1    11.9   13:16    03.1   04:05     10.2     00.0    00.0   00.2     06.9    10:25     WNW
03    10.0    14.8   13:39    07.0   07:48     08.3     00.0    00.3   00.5     08.1    13:42      S 
04    10.3    13.4   11:50    05.6   00:00     08.0     00.0    04.1   01.4     19.6    13:06     WNW
05    05.8    10.0   13:53    03.1   00:00     12.5     00.0    00.0   01.9     17.3    12:43     WNW
06    03.9    10.6   13:56   -00.9   07:28     14.4     00.0    00.0   00.2     06.9    15:09      S 
07    08.6    11.9   14:09    04.9   00:04     09.7     00.0    03.6   02.5     18.4    23:38      S 
08    06.1    08.6   14:20    02.1   23:11     12.2     00.0    00.3   02.1     17.3    00:08      NW
09    07.1    12.5   13:36    00.8   02:02     11.2     00.0    00.0   00.5     10.3    11:07     WSW
10    08.7    11.2   13:15    07.0   20:53     09.6     00.0    00.3   03.5     25.3    10:34     WNW
11    07.1    09.6   12:11    06.1   22:46     11.2     00.0    06.6   00.3     10.3    14:10     WNW
12    06.1    07.6   13:18    04.1   00:00     12.2     00.0    00.3   04.5     23.0    13:27      NW
13    04.2    07.8   14:03    01.8   07:33     14.1     00.0    00.0   02.8     19.6    08:22      NW
14    08.3    11.5   14:15    02.5   00:29     10.0     00.0    00.0   01.2     12.7    13:02     WSW
15    10.2    12.0   13:18    08.6   00:00     08.1     00.0    00.0   00.2     08.1    03:13      SW
16    09.4    13.3   13:55    03.2   00:00     08.9     00.0    00.3   01.0     13.8    17:40     WSW
17    03.0    09.0   14:06   -01.3   05:46     15.3     00.0    00.0   00.2     09.2    13:16      W 
18    06.0    08.1   11:01    02.7   05:03     12.3     00.0    00.3   01.2     11.5    10:44     WSW
19    04.1    07.3   14:06    00.6   07:35     14.2     00.0    00.0   00.7     09.2    14:48      W 
20    09.7    12.1   13:41    04.5   00:12     08.6     00.0    01.8   03.0     19.6    09:09     WSW
21    12.2    13.2   00:00    11.4   07:25     06.1     00.0    00.0   04.6     18.4    12:50      SW
22    13.4    14.9   12:06    11.3   17:59     04.9     00.0    00.0   08.1     27.6    21:35     SSW
23    10.5    14.6   01:11    06.9   23:59     07.8     00.0    03.8   05.9     25.3    00:45      SW
24    04.4    07.4   13:07   -01.2   00:00     13.9     00.0    00.0   00.2     08.1    09:42      W 
25    02.1    06.3   13:58   -01.9   03:20     16.2     00.0    00.0   01.9     18.4    12:41      W 
26    03.8    07.3   13:39    01.0   08:00     14.5     00.0    00.3   02.6     18.4    13:03      W 
27    07.5    09.9   12:16    04.0   23:58     10.8     00.0    04.1   04.5     20.7    06:04     WSW
28    03.8    06.2   13:03    01.9   00:00     14.5     00.0    00.0   02.0     14.9    13:14     WNW
29    03.2    05.3   15:03    01.0   00:00     15.1     00.0    00.0   04.1     18.4    14:23      NW
30    01.0    03.1   12:54   -01.1   06:14     17.3     00.0    00.3   04.9     21.9    15:16      NW
--------------------------------------------------------------------------------------------------------
06.9 (6.8)   14.9  day 22    -01.9  day 25   340.7    000.0   025.8   02.2     27.6   day 22      W 
Max <=   5: 1
Min <=   1: 9
Max Rain: 6.6 ON 11-11-17
Days of Rain: 14 (> .2mm) 5 (> 2mm) 0 (> 20mm)