NOAA style reports

NOAA-style Climate Reports

Select NOAA data to display

Select a Year or Month report

Report for 2017 Jun





                            MONTHLY CLIMATOLOGICAL SUMMARY for JUN. 2017

NAME: Chelmer Village   CITY: Chelmsford STATE: Essex
ELEV: 110 LAT: 51:44:60 LONG: 0:30:40

                            TEMPERATURE ( C), RAIN (mm), WIND SPEED (mph)

                                               HEAT     COOL           AVG
      MEAN                                     DEG      DEG            WIND                       DOM
DAY   TEMP    HIGH   TIME     LOW    TIME      DAYS     DAYS    RAIN   SPEED    HIGH    TIME      DIR
--------------------------------------------------------------------------------------------------------
01    18.2    26.5   14:43    11.1   05:46     00.1     00.0    00.0   01.1     11.5    17:13      SE
02    17.2    24.6   14:07    11.4   05:26     01.1     00.0    18.1   00.9     14.9    15:59      E 
03    17.4    22.8   16:50    14.1   04:36     00.9     00.0    00.0   02.3     14.9    17:16      W 
04    15.4    21.4   14:52    09.9   05:44     02.9     00.0    00.0   03.3     16.1    18:11      SW
05    14.7    20.3   15:34    11.3   05:41     03.6     00.0    06.1   04.8     20.7    13:14     SSW
06    12.2    17.0   17:24    09.3   09:45     06.1     00.0    25.7   07.1     25.3    18:08      SW
07    14.7    20.6   15:53    10.2   05:17     03.6     00.0    01.3   06.5     21.9    12:55     WSW
08    15.8    19.8   13:46    12.1   00:57     02.5     00.0    01.0   05.4     20.7    10:31     SSW
09    16.7    22.4   17:05    11.5   05:27     01.6     00.0    00.5   03.6     18.4    12:26      SW
10    18.3    25.3   16:56    13.2   04:33     00.0     00.0    00.0   04.1     21.9    17:23     SSW
11    18.9    24.7   15:09    14.1   00:00     00.0     00.6    00.0   04.8     21.9    14:04      SW
12    16.0    21.2   15:33    11.9   04:59     02.3     00.0    00.0   03.9     19.6    15:24     WSW
13    17.4    26.2   16:28    11.1   05:45     00.9     00.0    00.0   01.1     11.5    15:41     WSW
14    17.8    24.6   15:23    11.8   05:05     00.5     00.0    00.0   02.1     14.9    15:22      E 
15    19.2    25.5   16:19    13.7   05:17     00.0     00.9    00.0   03.7     19.6    17:58      W 
16    18.0    25.0   17:15    11.6   05:13     00.3     00.0    00.0   03.3     18.4    14:17     WNW
17    22.4    30.3   17:41    15.1   05:16     00.0     04.1    00.0   01.3     10.3    18:38     WNW
18    23.3    31.1   15:26    16.4   05:14     00.0     05.0    00.0   01.0     12.7    17:08      SE
19    23.0    30.3   15:12    15.8   05:11     00.0     04.7    00.0   01.2     12.7    15:32     ESE
20    20.5    27.8   14:01    14.4   00:00     00.0     02.2    00.0   02.7     16.1    19:37      E 
21    20.6    28.3   15:17    13.3   03:43     00.0     02.3    00.0   02.8     13.8    11:31      E 
22    20.6    25.1   13:42    17.0   04:24     00.0     02.3    00.0   03.5     19.6    16:14      W 
23    18.9    25.0   15:02    13.3   06:09     00.0     00.6    00.0   04.5     18.4    15:23     WSW
24    19.7    24.8   17:33    16.6   03:02     00.0     01.4    00.0   04.8     17.3    10:03      SW
25    18.3    23.0   13:58    14.2   03:14     00.0     00.0    00.0   04.1     21.9    17:49     WSW
26    16.7    23.9   16:45    11.0   05:15     01.6     00.0    00.0   01.8     13.8    19:54      E 
27    15.9    20.3   13:03    14.0   00:00     02.4     00.0    06.0   02.9     16.1    13:21      E 
28    14.4    17.0   12:31    12.1   00:00     03.9     00.0    01.0   03.4     18.4    14:02      NW
29    15.2    19.3   15:10    11.1   05:57     03.1     00.0    00.0   02.0     12.7    15:23     WSW
30    17.6    22.1   15:52    12.1   05:45     00.7     00.0    00.0   02.0     18.4    21:55      NW
--------------------------------------------------------------------------------------------------------
17.8 (18.3)   31.1  day 18     09.3  day 06   038.0    024.0   062.3   03.2     25.3   day 06      SW
Max >=  25: 12
Max Rain: 25.7 ON 6-06-17
Days of Rain: 8 (> .2mm) 4 (> 2mm) 1 (> 20mm)