NOAA style reports

NOAA-style Climate Reports

Select NOAA data to display

Select a Year or Month report

Report for 2017 May





                            MONTHLY CLIMATOLOGICAL SUMMARY for MAY. 2017

NAME: Chelmer Village   CITY: Chelmsford STATE: Essex
ELEV: 110 LAT: 51:44:60 LONG: 0:30:40

                            TEMPERATURE ( C), RAIN (mm), WIND SPEED (mph)

                                               HEAT     COOL           AVG
      MEAN                                     DEG      DEG            WIND                       DOM
DAY   TEMP    HIGH   TIME     LOW    TIME      DAYS     DAYS    RAIN   SPEED    HIGH    TIME      DIR
--------------------------------------------------------------------------------------------------------
01    10.4    15.2   17:51    07.3   00:00     07.9     00.0    02.3   03.1     18.4    17:05     ESE
02    10.7    16.5   11:36    05.5   05:40     07.6     00.0    00.5   01.5     13.8    20:19     NNE
03    08.6    10.7   11:32    05.2   04:09     09.7     00.0    00.3   02.3     14.9    13:42     NNE
04    10.5    13.8   14:32    08.9   22:34     07.8     00.0    00.0   03.5     16.1    17:52      NE
05    10.7    15.5   14:32    07.3   06:11     07.6     00.0    00.0   04.5     20.7    11:07     ENE
06    11.3    16.4   15:43    07.8   23:44     07.0     00.0    00.0   02.6     13.8    16:30      NE
07    11.2    17.3   15:27    08.2   06:17     07.1     00.0    00.0   02.0     14.9    14:42     NNW
08    09.3    13.9   17:08    06.6   23:00     09.0     00.0    00.0   02.4     14.9    11:22      N 
09    09.4    14.1   15:02    05.0   02:12     08.9     00.0    00.0   01.0     10.3    19:23     ENE
10    10.3    16.5   14:29    05.8   00:00     08.0     00.0    00.0   01.7     13.8    15:41      E 
11    12.6    19.8   13:35    04.8   05:18     05.7     00.0    00.0   02.8     13.8    15:57      E 
12    14.9    21.0   17:18    11.2   03:37     03.4     00.0    00.3   03.0     18.4    17:25      S 
13    13.5    19.0   17:31    09.6   00:00     04.8     00.0    00.0   02.7     16.1    18:09     SSW
14    13.9    22.1   16:36    08.6   01:55     04.4     00.0    00.8   02.6     19.6    18:58      SW
15    13.3    18.5   15:14    06.8   05:01     05.0     00.0    00.0   02.8     17.3    16:00      S 
16    19.5    26.1   13:55    15.0   03:01     00.0     01.2    00.0   03.7     18.4    17:58      SW
17    15.8    19.2   16:16    12.8   00:00     02.5     00.0    04.6   01.2     17.3    16:46      NE
18    12.6    17.6   11:54    09.3   23:34     05.7     00.0    18.3   01.3     12.7    02:55     WNW
19    11.1    15.2   17:04    09.0   00:00     07.2     00.0    04.6   02.0     14.9    00:51     WNW
20    11.6    18.3   13:21    05.3   05:05     06.7     00.0    00.3   03.0     18.4    14:09     SSW
21    13.5    21.7   16:46    07.0   05:48     04.8     00.0    00.0   01.7     12.7    17:50     SSE
22    16.9    25.5   17:16    08.6   04:50     01.4     00.0    00.0   01.4     12.7    17:52     SSE
23    16.9    22.5   17:42    11.4   06:01     01.4     00.0    00.0   01.4     16.1    17:30      W 
24    18.8    26.4   16:08    12.4   05:24     00.0     00.5    00.0   01.0     11.5    16:12      NW
25    17.8    24.5   13:51    11.8   05:41     00.5     00.0    00.0   01.9     13.8    17:21      E 
26    18.3    25.0   15:03    11.2   04:50     00.0     00.0    00.0   03.6     16.1    18:03      E 
27    18.8    25.1   14:35    12.8   04:16     00.0     00.5    00.8   03.2     20.7    15:23     SSW
28    17.2    25.5   14:52    11.0   05:33     01.1     00.0    04.1   00.7     10.3    17:13      W 
29    17.5    24.0   14:43    13.0   05:32     00.8     00.0    07.9   01.7     14.9    02:26     ESE
30    17.8    23.1   15:09    14.8   00:00     00.5     00.0    00.0   03.0     18.4    17:35     WSW
31    17.1    22.9   17:29    13.1   05:44     01.2     00.0    00.0   01.0     08.1    18:01      E 
--------------------------------------------------------------------------------------------------------
13.9 (14.5)   26.4  day 24     04.8  day 11   137.4    002.2   071.1   02.3     20.7   day 27      SE
Max >=  25: 6
Max Rain: 18.3 ON 18-05-17
Days of Rain: 12 (> .2mm) 6 (> 2mm) 0 (> 20mm)