NOAA style reports

NOAA-style Climate Reports

Select NOAA data to display

Select a Year or Month report

Report for 2017 Feb





                            MONTHLY CLIMATOLOGICAL SUMMARY for FEB. 2017

NAME: Chelmer Village   CITY: Chelmsford STATE: Essex
ELEV: 110 LAT: 51:44:60 LONG: 0:30:40

                            TEMPERATURE ( C), RAIN (mm), WIND SPEED (mph)

                                               HEAT     COOL           AVG
      MEAN                                     DEG      DEG            WIND                       DOM
DAY   TEMP    HIGH   TIME     LOW    TIME      DAYS     DAYS    RAIN   SPEED    HIGH    TIME      DIR
--------------------------------------------------------------------------------------------------------
01    08.7    09.9   13:55    06.0   00:07     09.6     00.0    05.8   02.6     13.8    22:44     SSE
02    09.8    10.8   12:38    08.4   08:01     08.5     00.0    00.3   05.8     17.3    13:26     SSE
03    08.0    10.9   13:55    04.8   23:54     10.3     00.0    01.3   05.0     23.0    21:33     SSE
04    04.1    08.7   15:06    01.4   22:48     14.2     00.0    00.5   00.4     13.8    00:23     SSW
05    03.9    07.1   15:21    00.9   08:25     14.4     00.0    00.0   01.4     12.7    21:55      N 
06    04.8    08.3   13:03    00.6   08:12     13.5     00.0    04.3   01.2     10.3    23:21     SSW
07    05.5    09.9   14:22    02.6   22:07     12.8     00.0    02.5   01.5     11.5    04:03      E 
08    03.4    04.7   12:14    02.0   00:00     14.9     00.0    00.0   01.5     10.3    11:22     NNE
09    01.7    02.1   13:40    01.3   18:17     16.6     00.0    00.5   01.5     09.2    22:52      NE
10    01.5    02.2   12:33    00.8   00:00     16.8     00.0    00.3   01.5     11.5    12:13     NNE
11    01.5    02.7   15:27    00.4   07:15     16.8     00.0    01.8   01.8     12.7    13:56     NNE
12    02.9    05.1   21:25    00.8   06:48     15.4     00.0    00.8   03.1     18.4    21:37     ENE
13    04.8    08.0   13:55    03.1   06:32     13.5     00.0    00.0   04.2     21.9    12:52     ENE
14    06.5    10.5   13:46    03.1   07:03     11.8     00.0    00.0   02.5     14.9    05:03      E 
15    07.9    12.1   13:23    04.3   04:53     10.4     00.0    02.0   01.7     16.1    14:55      S 
16    08.3    12.4   13:34    04.9   06:28     10.0     00.0    00.0   01.8     12.7    15:20     WSW
17    08.6    12.8   14:37    05.8   03:01     09.7     00.0    00.0   00.4     08.1    12:01     WSW
18    07.1    11.9   14:24    03.1   00:00     11.2     00.0    00.0   01.0     09.2    20:33     SSW
19    08.3    11.6   14:00    02.8   00:26     10.0     00.0    00.0   01.5     16.1    10:05     WSW
20    12.5    17.4   13:29    09.5   00:26     05.8     00.0    00.0   03.6     20.7    13:35     WSW
21    11.5    13.1   12:46    10.4   08:18     06.8     00.0    00.0   03.8     21.9    23:09     WSW
22    12.3    14.6   14:23    10.6   00:00     06.0     00.0    00.3   06.2     23.0    04:06     WSW
23    09.1    11.2   12:32    04.1   00:00     09.2     00.0    01.0   06.9     58.6    14:06      SW
24    05.7    13.2   14:14    02.1   21:42     12.6     00.0    00.0   00.1     08.1    05:51     SSE
25    08.0    10.1   15:25    04.8   02:21     10.3     00.0    00.5   03.7     20.7    21:20      SW
26    10.5    13.4   13:40    09.1   01:45     07.8     00.0    00.3   06.1     21.9    21:18      SW
27    06.8    09.7   00:21    02.6   23:01     11.5     00.0    00.5   03.4     19.6    16:40     SSW
28    04.5    08.3   13:30    01.5   02:54     13.8     00.0    01.5   02.9     21.9    15:03     WSW
--------------------------------------------------------------------------------------------------------
06.7 (6.9)   17.4  day 20     00.4  day 11   324.1    000.0   024.2   02.8     58.7   day 23     SSW
Max <=   5: 4
Min <=   1: 5
Max Rain: 5.8 ON 1-02-17
Days of Rain: 17 (> .2mm) 3 (> 2mm) 0 (> 20mm)