NOAA style reports

NOAA-style Climate Reports

Select NOAA data to display

Select a Year or Month report

Report for 2016 Nov





                            MONTHLY CLIMATOLOGICAL SUMMARY for NOV. 2016

NAME: Chelmer Village   CITY: Chelmsford STATE: Essex
ELEV: 110 LAT: 51:44:60 LONG: 0:30:40

                            TEMPERATURE ( C), RAIN (mm), WIND SPEED (mph)

                                               HEAT     COOL           AVG
      MEAN                                     DEG      DEG            WIND                       DOM
DAY   TEMP    HIGH   TIME     LOW    TIME      DAYS     DAYS    RAIN   SPEED    HIGH    TIME      DIR
--------------------------------------------------------------------------------------------------------
01    09.0    12.7   12:57    04.8   00:00     09.3     00.0    00.0   01.0     11.5    15:36      N 
02    05.1    10.6   13:36    01.6   06:31     13.2     00.0    00.0   01.1     14.9    13:15     WNW
03    05.6    11.7   13:26   -00.3   04:06     12.7     00.0    00.0   00.9     11.5    14:50      SW
04    08.1    12.3   12:18    03.8   00:00     10.2     00.0    05.3   00.5     09.2    13:03      SW
05    05.0    09.0   12:40    01.8   02:32     13.3     00.0    00.0   02.9     19.6    14:30     WNW
06    04.2    07.9   13:22    01.3   06:56     14.1     00.0    01.0   04.3     20.7    13:05      NW
07    05.7    09.4   14:04    02.3   23:24     12.6     00.0    00.3   02.7     17.3    13:41     NNW
08    03.7    06.1   12:15    02.1   07:39     14.6     00.0    00.3   01.6     12.7    08:06     WNW
09    06.0    07.4   11:59    03.7   00:30     12.3     00.0    15.8   02.7     21.9    15:27     WNW
10    06.0    10.3   13:33    03.1   07:14     12.3     00.0    00.3   01.7     19.6    14:42      W 
11    04.7    09.6   14:00    02.0   22:02     13.6     00.0    00.0   00.8     16.1    02:33     NNW
12    07.5    08.9   23:29    04.4   00:08     10.8     00.0    08.1   01.2     10.3    09:48      SE
13    07.1    10.0   13:19    04.9   07:28     11.2     00.0    00.3   01.4     13.8    11:31      NW
14    09.3    12.3   23:59    04.9   02:06     09.0     00.0    01.5   01.1     11.5    17:01      SW
15    13.2    15.2   13:46    11.8   03:44     05.1     00.0    00.0   01.2     12.7    06:46     WSW
16    11.9    13.6   13:39    09.4   22:38     06.4     00.0    00.3   03.1     18.4    16:42     WSW
17    08.5    12.4   14:42    06.7   22:03     09.8     00.0    02.0   03.7     24.1    14:43      SW
18    04.8    07.6   14:34    01.4   22:24     13.5     00.0    00.0   02.2     17.3    01:30      SW
19    04.2    08.2   13:35    00.8   00:56     14.1     00.0    00.3   01.7     12.7    13:06     SSW
20    06.6    08.8   08:03    04.6   19:09     11.7     00.0    28.2   03.6     21.9    05:29     SSE
21    08.9    12.1   15:00    05.1   00:22     09.4     00.0    07.6   03.1     19.6    15:12     ESE
22    09.3    11.8   13:04    05.4   23:09     09.0     00.0    01.0   05.1     24.1    05:58      S 
23    07.5    10.5   14:20    03.4   05:54     10.8     00.0    00.0   01.7     17.3    18:57      NE
24    09.0    10.8   12:58    06.3   00:00     09.3     00.0    00.0   03.8     18.4    14:19      NE
25    06.9    11.1   13:24    04.6   00:00     11.4     00.0    00.0   02.9     18.4    11:46      NE
26    04.9    09.5   14:04    00.3   08:13     13.4     00.0    00.0   00.4     09.2    13:28     NNE
27    07.0    09.1   13:48    03.8   00:03     11.3     00.0    00.0   01.2     13.8    13:52     NNE
28    04.9    08.1   12:28   -01.5   00:00     13.4     00.0    00.0   01.8     18.4    12:03     ENE
29    00.2    06.6   14:08   -03.5   06:56     18.1     00.0    00.0   00.1     05.8    12:51      NE
30    00.5    06.4   14:39   -04.7   05:20     17.8     00.0    00.0   00.4     11.5    13:56      W 
--------------------------------------------------------------------------------------------------------
06.5 (6.6)   15.2  day 15    -04.7  day 30   353.5    000.0   072.2   02.0     24.2   day 22     WNW
Min <=   1: 6
Min <= -2: 2
Max Rain: 28.2 ON 20-11-16
Days of Rain: 15 (> .2mm) 5 (> 2mm) 1 (> 20mm)