NOAA style reports

NOAA-style Climate Reports

Select NOAA data to display

Select a Year or Month report

Report for 2016 Oct





                            MONTHLY CLIMATOLOGICAL SUMMARY for OCT. 2016

NAME: Chelmer Village   CITY: Chelmsford STATE: Essex
ELEV: 110 LAT: 51:44:60 LONG: 0:30:40

                            TEMPERATURE ( C), RAIN (mm), WIND SPEED (mph)

                                               HEAT     COOL           AVG
      MEAN                                     DEG      DEG            WIND                       DOM
DAY   TEMP    HIGH   TIME     LOW    TIME      DAYS     DAYS    RAIN   SPEED    HIGH    TIME      DIR
--------------------------------------------------------------------------------------------------------
01    12.9    17.0   16:17    09.4   00:44     05.4     00.0   -----               
02    12.0    17.9   14:58    06.9   00:00     06.3     00.0    01.3   02.1     18.4    12:07     WNW
03    11.1    18.9   15:52    03.9   06:53     07.2     00.0    00.0   00.5     09.2    15:26      N 
04    13.5    17.8   13:49    09.4   07:29     04.8     00.0    00.0   03.8     19.6    16:18      E 
05    13.3    16.3   14:34    10.6   22:16     05.0     00.0    00.0   05.7     24.1    16:39      E 
06    12.8    16.4   15:19    11.2   20:01     05.5     00.0    00.0   03.2     19.6    12:08     ENE
07    13.1    14.7   15:36    12.2   06:35     05.2     00.0    00.5   01.1     11.5    00:27     ENE
08    13.2    16.4   13:29    11.4   00:00     05.1     00.0    00.0   01.1     12.7    14:12     NNE
09    11.0    15.7   13:37    07.3   07:11     07.3     00.0    00.0   01.3     11.5    14:14      N 
10    09.5    14.3   15:55    05.6   07:58     08.8     00.0    00.3   01.3     14.9    12:28     NNW
11    09.3    16.0   13:25    04.2   07:21     09.0     00.0    01.6   00.6     09.2    13:29     NNE
12    11.4    14.6   14:13    08.6   01:12     06.9     00.0    03.6   01.7     13.8    14:13      NE
13    10.2    13.9   14:42    07.6   03:22     08.1     00.0    06.6   02.7     21.9    15:18     ENE
14    11.1    14.6   14:06    07.4   06:38     07.2     00.0    00.0   01.5     14.9    12:42     ENE
15    12.3    17.2   15:55    09.7   06:36     06.0     00.0    02.6   01.1     12.7    16:31     SSE
16    12.4    18.0   15:33    07.3   04:29     05.9     00.0    02.2   02.2     17.3    13:49     SSE
17    12.3    18.1   15:21    08.2   08:04     06.0     00.0    00.3   01.8     13.8    14:09      SW
18    10.7    15.3   15:13    08.6   23:55     07.6     00.0    00.3   03.2     19.6    14:13      W 
19    10.9    13.6   15:43    08.3   01:24     07.4     00.0    00.0   03.7     18.4    14:36     WNW
20    11.0    13.9   13:52    08.9   23:21     07.3     00.0    00.0   02.6     19.6    13:38     NNW
21    10.1    13.7   14:45    07.4   00:00     08.2     00.0    00.0   02.2     14.9    14:32      NW
22    09.9    14.9   14:38    06.9   08:30     08.4     00.0    00.0   01.0     13.8    12:30      N 
23    08.9    13.9   14:51    04.8   04:45     09.4     00.0    00.0   01.1     13.8    14:18     ENE
24    10.6    13.7   12:35    08.7   00:30     07.7     00.0    00.0   00.9     10.3    13:17      NE
25    10.6    14.2   12:48    05.9   07:55     07.7     00.0    00.0   00.1     05.8    12:49      NE
26    11.8    16.2   13:00    07.5   02:42     06.5     00.0    00.0   00.9     12.7    12:48      SW
27    11.9    15.1   14:16    09.4   07:52     06.4     00.0    00.0   02.1     13.8    21:59     WSW
28    13.3    17.7   14:03    10.6   22:58     05.0     00.0    00.0   01.9     12.7    13:55      W 
29    13.0    17.8   14:55    08.0   00:00     05.3     00.0    00.0   00.1     04.6    16:18      SW
30    09.0    13.8   11:00    07.3   03:49     09.3     00.0    00.0   00.0     03.5    11:50     WSW
--------------------------------------------------------------------------------------------------------
11.4 (11.9)   18.9  day 03     03.9  day 03   205.8    000.0   019.2   01.7     24.2   day 13     NNE
Max Rain: 6.6 ON 13-10-16
Days of Rain: 10 (> .2mm) 4 (> 2mm) 0 (> 20mm)