NOAA style reports

NOAA-style Climate Reports

Select NOAA data to display

Select a Year or Month report

Report for 2016 Sep





                            MONTHLY CLIMATOLOGICAL SUMMARY for SEP. 2016

NAME: Chelmer Village   CITY: Chelmsford STATE: Essex
ELEV: 110 LAT: 51:44:60 LONG: 0:30:40

                            TEMPERATURE ( C), RAIN (mm), WIND SPEED (mph)

                                               HEAT     COOL           AVG
      MEAN                                     DEG      DEG            WIND                       DOM
DAY   TEMP    HIGH   TIME     LOW    TIME      DAYS     DAYS    RAIN   SPEED    HIGH    TIME      DIR
--------------------------------------------------------------------------------------------------------
01    19.1    25.7   16:37    13.8   05:54     00.0     00.8    00.0   01.8     11.5    21:30     WSW
02    17.8    21.8   15:45    14.1   06:33     00.5     00.0    00.0   02.6     13.8    20:28      SW
03    17.2    22.8   13:25    12.4   06:49     01.1     00.0    01.5   03.2     20.7    17:11      SW
04    18.4    20.7   15:50    15.7   06:11     00.0     00.1    00.0   04.2     18.4    11:34     WSW
05    17.8    21.6   17:30    14.8   07:39     00.5     00.0    02.0   00.4     08.1    12:06     SSW
06    21.4    25.2   12:19    17.5   03:03     00.0     03.1    00.3   00.7     08.1    13:41     SSW
07    21.3    28.4   14:33    15.8   00:00     00.0     03.0    00.0   01.3     12.7    17:42     ESE
08    20.3    25.4   14:33    13.7   07:02     00.0     02.0    00.0   03.8     19.6    15:05     WSW
09    18.7    24.5   15:46    13.8   05:14     00.0     00.4    00.0   03.4     18.4    17:13     SSW
10    18.2    22.0   12:37    15.4   00:00     00.1     00.0    00.8   02.5     17.3    12:29     SSW
11    15.7    22.9   15:51    09.6   07:07     02.6     00.0    00.0   00.9     14.9    17:04     SSW
12    19.1    28.3   15:20    10.3   06:51     00.0     00.8    00.0   01.2     14.9    12:49      S 
13    23.1    31.9   15:21    16.4   06:33     00.0     04.8    00.0   02.0     14.9    16:55      E 
14    22.9    29.6   14:47    17.6   23:47     00.0     04.6    00.0   01.5     14.9    12:09      SE
15    21.9    30.9   14:32    15.6   06:23     00.0     03.6    00.0   01.4     12.7    15:48     ESE
16    16.0    19.1   00:08    13.3   21:27     02.3     00.0    46.5   03.0     19.6    14:55     WNW
17    14.9    16.6   17:54    13.1   07:33     03.4     00.0    31.2   04.1     21.9    09:43      NW
18    16.6    21.5   15:05    14.3   07:14     01.7     00.0    00.0   01.1     11.5    14:12      NW
19    16.7    20.7   14:33    13.0   02:04     01.6     00.0    00.0   00.4     08.1    17:51     NNW
20    16.1    20.1   16:49    12.6   00:00     02.2     00.0    00.0   00.4     08.1    14:34     NNW
21    15.8    22.3   15:59    11.6   04:52     02.5     00.0    00.0   00.5     10.3    15:54      SE
22    15.8    21.6   13:07    11.9   07:07     02.5     00.0    00.0   01.2     11.5    17:06      SW
23    14.2    21.3   14:29    07.4   07:16     04.1     00.0    00.0   00.9     10.3    17:56      SW
24    16.3    23.7   14:36    08.8   02:59     02.0     00.0    00.0   02.2     18.4    14:20      S 
25    16.5    21.4   14:59    10.3   23:32     01.8     00.0    00.3   02.5     19.6    15:56      SW
26    13.3    20.4   14:24    07.7   05:31     05.0     00.0    00.0   01.0     12.7    15:35     SSW
27    15.4    20.3   15:16    09.1   04:55     02.9     00.0    00.0   02.3     16.1    11:34     SSW
28    17.5    24.4   15:55    12.1   07:09     00.8     00.0    00.0   03.7     17.3    22:55      SW
29    17.1    20.7   14:16    12.9   00:00     01.2     00.0    00.5   04.7     17.3    16:40      SW
30    14.2    19.7   14:26    10.1   23:37     04.1     00.0    00.0   02.1     14.9    12:02      SW
--------------------------------------------------------------------------------------------------------
17.6 (18.0)   31.9  day 13     07.4  day 23   042.9    023.1   025.4   02.0     21.9   day 24      SW
Max >=  25: 8
Max Rain: 46.5 ON 16-09-16
Days of Rain: 8 (> .2mm) 3 (> 2mm) 2 (> 20mm)