NOAA style reports

NOAA-style Climate Reports

Select NOAA data to display

Select a Year or Month report

Report for 2016 Jul





                            MONTHLY CLIMATOLOGICAL SUMMARY for JUL. 2016

NAME: Chelmer Village   CITY: Chelmsford STATE: Essex
ELEV: 110 LAT: 51:44:60 LONG: 0:30:40

                            TEMPERATURE ( C), RAIN (mm), WIND SPEED (mph)

                                               HEAT     COOL           AVG
      MEAN                                     DEG      DEG            WIND                       DOM
DAY   TEMP    HIGH   TIME     LOW    TIME      DAYS     DAYS    RAIN   SPEED    HIGH    TIME      DIR
--------------------------------------------------------------------------------------------------------
01    16.3    21.3   16:14    12.0   23:59     02.0     00.0    01.0   03.1     17.3    20:11     SSW
02    15.3    20.5   18:35    10.2   05:11     03.0     00.0    00.0   03.2     17.3    14:40     SSW
03    17.7    25.9   16:38    11.4   05:27     00.6     00.0    00.0   01.8     10.3    17:24     SSW
04    18.0    24.1   13:17    11.7   05:50     00.3     00.0    00.0   01.6     12.7    17:09     SSW
05    18.3    24.3   16:48    12.8   23:56     00.0     00.0    00.4   02.2     17.3    09:19      S 
06    16.3    24.1   16:43    09.3   05:08     02.0     00.0    00.0   00.8     08.1    14:09      SE
07    17.1    24.2   17:05    13.9   01:35     01.2     00.0    00.0   00.9     08.1    19:23      SW
08    19.3    25.8   15:04    14.6   04:50     00.0     01.0    00.0   03.0     17.3    16:06     SSW
09    19.7    25.8   13:01    14.9   03:53     00.0     01.4    00.0   02.5     17.3    16:12     SSW
10    19.7    24.8   16:19    16.1   04:05     00.0     01.4    00.0   03.0     19.6    17:50      SW
11    17.6    21.1   18:03    15.4   00:00     00.7     00.0    00.3   03.4     17.3    08:52     SSW
12    16.0    21.7   11:41    12.8   00:00     02.3     00.0    03.6   01.7     12.7    13:22     SSW
13    15.6    21.3   14:50    11.2   04:57     02.7     00.0    05.3   01.3     11.5    11:53     SSE
14    16.0    22.1   18:41    10.9   05:48     02.3     00.0    00.0   01.0     08.1    15:04     SSE
15    15.7    20.8   12:41    11.3   05:59     02.6     00.0    00.0   01.9     12.7    17:15     SSW
16    21.3    28.4   15:33    16.3   05:35     00.0     03.0    00.0   03.0     14.9    16:30     SSW
17    22.0    28.8   18:10    17.5   04:50     00.0     03.7    00.0   01.9     12.7    14:16     SSW
18    21.4    31.4   16:34    14.9   06:04     00.0     03.1    00.0   00.7     09.2    10:45     SSE
19    23.1    32.6   16:13    14.8   04:21     00.0     04.8    00.0   02.6     16.1    17:31      E 
20    26.9    32.1   17:36    20.1   00:01     00.0     08.6    00.0   04.6     17.3    11:26      SW
21    20.5    27.7   17:11    14.8   05:35     00.0     02.2    00.0   02.1     12.7    06:30      NW
22    20.9    28.4   15:29    16.1   23:53     00.0     02.6    00.8   00.7     09.2    17:40      E 
23    21.1    28.6   14:36    13.7   05:25     00.0     02.8    00.0   01.5     13.8    16:16      SE
24    20.9    26.8   14:53    14.6   05:52     00.0     02.6    00.0   02.7     14.9    15:45      SW
25    21.4    26.9   15:16    15.8   07:00     00.0     03.1    00.0   03.1     17.3    11:27      W 
26    19.6    25.3   13:30    14.7   06:05     00.0     01.3    00.0   01.7     12.7    12:25      W 
27    19.8    27.3   16:31    16.6   05:00     00.0     01.5    01.8   02.6     17.3    12:34      SW
28    18.5    24.2   12:47    14.2   06:04     00.0     00.2    00.3   02.1     11.5    18:52     WSW
29    19.0    24.4   14:24    16.1   05:34     00.0     00.7    02.6   02.3     11.5    19:44     WSW
30    18.5    23.9   14:14    14.0   00:00     00.0     00.2    00.0   01.1     12.7    13:20     WNW
31    17.3    23.5   16:59    12.1   03:36     01.0     00.0    00.0   01.7     14.9    14:35     WNW
--------------------------------------------------------------------------------------------------------
19.1 (19.7)   32.6  day 19     09.3  day 06   020.8    044.2   013.2   02.1     19.6   day 10      SW
Max >=  25: 15
Max Rain: 5.3 ON 13-07-16
Days of Rain: 9 (> .2mm) 3 (> 2mm) 0 (> 20mm)