NOAA style reports

NOAA-style Climate Reports

Select NOAA data to display

Select a Year or Month report

Report for 2016 Jun





                            MONTHLY CLIMATOLOGICAL SUMMARY for JUN. 2016

NAME: Chelmer Village   CITY: Chelmsford STATE: Essex
ELEV: 110 LAT: 51:44:60 LONG: 0:30:40

                            TEMPERATURE ( C), RAIN (mm), WIND SPEED (mph)

                                               HEAT     COOL           AVG
      MEAN                                     DEG      DEG            WIND                       DOM
DAY   TEMP    HIGH   TIME     LOW    TIME      DAYS     DAYS    RAIN   SPEED    HIGH    TIME      DIR
--------------------------------------------------------------------------------------------------------
01    11.9    12.8   14:20    10.9   00:00     06.4     00.0    02.8   02.3     11.5    14:33      E 
02    11.3    14.1   14:58    09.6   00:00     07.0     00.0    00.0   03.0     13.8    11:26     ENE
03    10.9    13.1   16:08    09.1   06:54     07.4     00.0    00.0   01.3     09.2    11:31      E 
04    15.8    21.8   17:36    10.9   01:59     02.5     00.0    00.0   00.7     05.8    19:24      SE
05    16.3    25.1   16:21    10.4   05:03     02.0     00.0    00.0   00.8     06.9    14:48     ENE
06    15.3    23.3   15:03    08.6   05:20     03.0     00.0    00.0   00.6     08.1    17:35      NE
07    14.8    23.1   15:00    10.3   04:53     03.5     00.0    00.0   00.2     06.9    16:24     NNW
08    18.6    26.3   12:46    12.9   23:59     00.0     00.3    02.0   00.5     09.2    14:32     ESE
09    15.0    22.3   17:10    11.2   05:31     03.3     00.0    00.0   00.5     05.8    15:12      NE
10    16.2    23.7   15:38    09.9   04:34     02.1     00.0    00.0   00.3     04.6    15:09      S 
11    17.5    23.9   13:50    12.8   02:43     00.8     00.0    00.0   00.3     11.5    16:39      W 
12    16.6    21.1   17:03    13.8   00:00     01.7     00.0    20.4   01.0     08.1    09:38     SSW
13    16.0    20.8   16:21    13.6   05:28     02.3     00.0    05.3   01.9     12.7    16:58     SSW
14    15.7    19.0   16:20    13.3   04:39     02.6     00.0    02.0   01.7     10.3    16:55     SSW
15    15.7    22.3   16:27    10.4   04:21     02.6     00.0    00.8   01.2     10.3    18:41     SSW
16    14.8    21.1   12:01    09.9   05:11     03.5     00.0    03.3   00.2     08.1    15:17      SW
17    14.5    18.2   13:34    11.1   00:11     03.8     00.0    00.8   00.6     08.1    11:30      E 
18    13.8    16.4   18:01    11.2   23:04     04.5     00.0    00.0   00.9     08.1    09:57     SSE
19    16.9    23.7   15:42    11.5   00:02     01.4     00.0    00.0   01.9     13.8    13:02     SSW
20    17.5    24.1   17:03    14.9   05:05     00.8     00.0    15.0   02.7     14.9    19:34     SSW
21    18.3    23.5   13:34    13.3   05:16     00.0     00.0    00.0   01.8     12.7    09:50     SSW
22    18.7    24.6   17:01    14.1   05:21     00.0     00.4    01.3   00.7     08.1    14:59     SSW
23    19.0    21.7   14:21    16.9   23:03     00.0     00.7    45.3   00.6     09.2    15:16     SSW
24    18.0    24.3   17:03    12.9   05:28     00.3     00.0    00.3   02.2     13.8    17:07     SSW
25    14.6    20.4   12:00    10.9   05:22     03.7     00.0    00.8   01.0     12.7    15:15     SSW
26    15.9    23.3   15:57    12.2   01:24     02.4     00.0    00.8   02.2     13.8    16:22     SSW
27    17.7    23.2   16:52    13.9   00:00     00.6     00.0    00.8   01.4     09.2    17:53      S 
28    15.6    22.3   12:52    11.1   05:23     02.7     00.0    00.0   00.9     12.7    23:47      S 
29    15.0    19.1   10:00    11.2   05:36     03.3     00.0    00.3   03.1     17.3    14:42     SSW
30    17.4    23.8   16:37    13.6   06:22     00.9     00.0    00.3   02.2     13.8    16:41     SSW
--------------------------------------------------------------------------------------------------------
15.8 (16.6)   26.3  day 08     08.6  day 06   075.0    001.4   104.2   01.3     17.3   day 29      S 
Max >=  25: 2
Max Rain: 45.3 ON 23-06-16
Days of Rain: 17 (> .2mm) 8 (> 2mm) 2 (> 20mm)