NOAA style reports

NOAA-style Climate Reports

Select NOAA data to display

Select a Year or Month report

Report for 2016 May





                            MONTHLY CLIMATOLOGICAL SUMMARY for MAY. 2016

NAME: Chelmer Village   CITY: Chelmsford STATE: Essex
ELEV: 110 LAT: 51:44:60 LONG: 0:30:40

                            TEMPERATURE ( C), RAIN (mm), WIND SPEED (mph)

                                               HEAT     COOL           AVG
      MEAN                                     DEG      DEG            WIND                       DOM
DAY   TEMP    HIGH   TIME     LOW    TIME      DAYS     DAYS    RAIN   SPEED    HIGH    TIME      DIR
--------------------------------------------------------------------------------------------------------
01    08.5    17.0   18:01    00.9   06:14     09.8     00.0    00.0   01.1     11.5    18:18     SSW
02    12.8    19.8   14:33    07.8   00:00     05.5     00.0    00.5   02.7     17.3    15:47     SSW
03    09.5    16.9   16:28    03.9   05:47     08.8     00.0    00.0   01.5     12.7    13:30      S 
04    11.1    20.0   14:47    02.4   05:22     07.2     00.0    00.0   00.6     12.7    12:16     ESE
05    12.6    21.1   14:23    04.9   05:35     05.7     00.0    00.0   00.7     08.1    13:56      E 
06    14.2    21.9   16:11    06.2   04:15     04.1     00.0    00.0   00.7     08.1    13:12      NE
07    16.7    24.1   13:27    09.7   05:20     01.6     00.0    00.0   00.5     05.8    16:59      NE
08    18.3    26.6   14:07    09.8   04:21     00.0     00.0    00.0   00.7     08.1    17:43      NE
09    17.7    23.6   15:44    13.1   05:55     00.6     00.0    00.0   01.0     09.2    17:07      NE
10    15.1    16.7   00:05    14.2   06:29     03.2     00.0    02.0   00.7     09.2    13:33      N 
11    14.3    15.8   00:00    13.8   07:06     04.0     00.0    00.3   00.6     05.8    06:14      S 
12    14.5    17.1   21:01    12.1   00:00     03.8     00.0    00.0   01.7     08.1    23:20      SE
13    13.6    20.7   13:12    09.2   00:00     04.7     00.0    00.0   02.6     13.8    17:01      NE
14    09.2    14.8   17:16    05.1   00:00     09.1     00.0    00.0   01.4     17.3    10:29     ENE
15    10.4    18.9   16:38    02.4   05:31     07.9     00.0    00.0   00.9     11.5    11:26      S 
16    12.9    19.6   17:39    08.4   00:00     05.4     00.0    00.0   00.4     08.1    18:23      E 
17    13.1    20.2   15:02    05.6   05:45     05.2     00.0    00.0   01.8     13.8    14:23     SSW
18    12.4    14.9   08:53    10.9   02:46     05.9     00.0    03.6   01.1     12.7    17:14     SSW
19    14.2    19.9   17:17    10.6   04:53     04.1     00.0    03.0   01.7     12.7    21:14     SSW
20    15.8    21.8   16:14    12.8   00:00     02.5     00.0    00.0   02.8     27.6    07:22     SSW
21    15.8    20.6   14:06    12.1   02:49     02.5     00.0    00.0   01.7     15.0    15:07     SSW
22    15.3    19.9   14:05    11.7   05:56     03.0     00.0    00.5   00.9     10.4    01:29     SSW
23    14.5    21.4   16:06    10.1   06:01     03.8     00.0    00.5   01.3     10.4    16:02     ESE
24    12.2    18.4   15:26    05.8   05:01     06.1     00.0    00.0   01.6     13.8    19:07      NE
25    10.7    13.0   13:35    08.6   05:48     07.6     00.0    00.0   00.8     06.9    04:37     ESE
26    13.9    21.9   14:49    08.9   05:19     04.4     00.0    00.0   00.5     06.9    17:57     ESE
27    14.2    22.1   15:27    07.7   04:54     04.1     00.0    00.0   00.8     08.1    11:48     NNE
28    14.3    21.7   15:57    08.7   04:26     04.0     00.0    00.0   00.8     05.8    23:16     NNE
29    14.4    22.3   16:21    07.9   04:55     03.9     00.0    00.0   01.7     12.7    19:28     ENE
30    13.3    15.8   11:52    11.4   07:32     05.0     00.0    00.0   02.5     15.0    21:26      E 
31    11.5    13.3   13:43    10.3   07:36     06.8     00.0    33.6   03.1     16.1    15:46      E 
--------------------------------------------------------------------------------------------------------
13.4 (14.0)   26.6  day 08     00.9  day 01   150.4    000.0   055.1   01.3     27.6   day 20     ESE
Max >=  25: 1
Min <=   1: 1
Max Rain: 33.6 ON 31-05-16
Days of Rain: 8 (> .2mm) 4 (> 2mm) 1 (> 20mm)