NOAA style reports

NOAA-style Climate Reports

Select NOAA data to display

Select a Year or Month report

Report for 2016 Apr





                            MONTHLY CLIMATOLOGICAL SUMMARY for APR. 2016

NAME: Chelmer Village   CITY: Chelmsford STATE: Essex
ELEV: 110 LAT: 51:44:60 LONG: 0:30:40

                            TEMPERATURE ( C), RAIN (mm), WIND SPEED (mph)

                                               HEAT     COOL           AVG
      MEAN                                     DEG      DEG            WIND                       DOM
DAY   TEMP    HIGH   TIME     LOW    TIME      DAYS     DAYS    RAIN   SPEED    HIGH    TIME      DIR
--------------------------------------------------------------------------------------------------------
01    06.8    14.3   15:13   -00.8   06:33     11.5     00.0    00.0   00.8     12.7    14:11     SSW
02    09.9    16.6   14:09    05.9   06:09     08.4     00.0    00.0   00.9     08.1    18:25      SE
03    11.4    18.1   14:55    06.9   07:17     06.9     00.0    01.3   00.9     12.7    20:10     SSE
04    10.4    14.3   15:29    05.9   00:00     07.9     00.0    00.3   00.9     13.8    18:27      S 
05    09.9    16.9   15:31    03.9   05:05     08.4     00.0    00.3   01.2     12.7    14:30     SSW
06    08.9    15.1   14:01    05.1   05:08     09.4     00.0    00.5   03.5     21.9    14:25      SW
07    07.7    12.2   16:42    04.8   04:36     10.6     00.0    00.3   02.7     14.9    12:50      SW
08    08.8    15.2   14:02    02.8   06:46     09.5     00.0    00.0   00.8     09.2    14:59     SSW
09    08.2    11.9   13:58    02.7   23:54     10.1     00.0    00.5   01.3     10.3    16:40     SSW
10    06.7    12.5   13:37   -00.6   05:26     11.6     00.0    00.0   01.7     14.9    20:37     ESE
11    11.2    15.7   14:44    07.9   04:27     07.1     00.0    00.0   01.3     12.7    09:27      E 
12    11.0    19.1   14:35    05.6   00:00     07.3     00.0    05.1   00.8     14.9    15:11      SW
13    10.2    19.8   13:57    01.9   06:34     08.1     00.0    00.0   00.5     09.2    14:02     SSE
14    12.6    20.6   14:42    06.5   06:16     05.7     00.0    01.0   00.6     08.1    15:37      S 
15    10.0    14.6   12:18    08.0   23:55     08.3     00.0    21.3   00.3     08.1    13:49     SSE
16    06.1    10.4   17:19    02.5   23:54     12.2     00.0    00.8   01.4     10.3    05:19      S 
17    06.6    14.3   16:24    00.3   06:11     11.7     00.0    00.0   00.9     09.2    11:38      S 
18    08.5    13.1   16:18    02.5   05:51     09.8     00.0    00.0   02.0     14.9    14:16      SW
19    10.9    17.3   15:34    04.9   00:00     07.4     00.0    00.0   01.1     08.1    18:05      SE
20    07.9    14.2   14:47    01.6   05:53     10.4     00.0    00.0   01.5     12.7    18:46     ENE
21    09.6    16.2   16:05    04.6   04:38     08.7     00.0    00.0   01.8     12.7    13:40     ENE
22    08.4    12.2   13:57    05.8   00:00     09.9     00.0    00.0   01.6     12.7    13:38      NE
23    06.8    12.2   15:24    02.6   05:52     11.5     00.0    00.3   01.3     11.5    09:52      E 
24    06.4    11.7   14:25    03.1   06:38     11.9     00.0    01.8   01.0     10.3    13:02     ESE
25    06.1    11.6   15:34    02.1   21:54     12.2     00.0    04.5   01.7     14.9    13:32     SSW
26    05.0    11.5   14:36    01.3   05:58     13.3     00.0    01.0   02.3     12.7    15:09      S 
27    06.5    14.1   15:41    01.4   06:03     11.8     00.0    00.3   01.3     10.3    16:44     SSE
28    07.4    14.8   14:06    00.6   05:58     10.9     00.0    00.8   02.3     23.0    23:30     SSW
29    08.0    13.4   13:17    04.6   00:00     10.3     00.0    00.8   03.5     23.0    13:51      SW
30    08.1    16.6   14:57    01.3   04:11     10.2     00.0    00.0   01.0     10.3    14:59      S 
--------------------------------------------------------------------------------------------------------
08.5 (9.1)   20.6  day 14    -00.8  day 01   292.7    000.0   041.5   01.4     23.0   day 29      S 
Min <=   1: 4
Max Rain: 21.3 ON 15-04-16
Days of Rain: 17 (> .2mm) 3 (> 2mm) 1 (> 20mm)