NOAA style reports

NOAA-style Climate Reports

Select NOAA data to display

Select a Year or Month report

Report for 2016 Mar





                            MONTHLY CLIMATOLOGICAL SUMMARY for MAR. 2016

NAME: Chelmer Village   CITY: Chelmsford STATE: Essex
ELEV: 110 LAT: 51:44:60 LONG: 0:30:40

                            TEMPERATURE ( C), RAIN (mm), WIND SPEED (mph)

                                               HEAT     COOL           AVG
      MEAN                                     DEG      DEG            WIND                       DOM
DAY   TEMP    HIGH   TIME     LOW    TIME      DAYS     DAYS    RAIN   SPEED    HIGH    TIME      DIR
--------------------------------------------------------------------------------------------------------
01    08.3    13.1   15:39    04.1   03:08     10.0     00.0    00.0   03.3     16.1    15:07      SW
02    05.6    08.4   00:06    03.8   07:00     12.7     00.0    02.1   04.2     26.4    13:22      SW
03    06.4    10.9   14:02    03.0   07:01     11.9     00.0    01.8   02.2     19.6    01:33     SSW
04    05.3    10.6   13:50   -00.4   23:56     13.0     00.0    05.6   02.0     19.6    03:00      SW
05    02.6    07.6   15:18   -01.6   03:39     15.7     00.0    00.5   01.3     12.7    16:07      S 
06    03.6    08.8   13:33    00.8   04:41     14.7     00.0    00.0   01.1     10.3    13:17      S 
07    03.2    06.8   15:25   -00.7   06:13     15.1     00.0    00.3   01.2     11.5    10:45     SSE
08    04.3    10.4   13:34   -02.0   06:08     14.0     00.0    00.0   01.4     12.7    13:15     SSW
09    06.7    08.4   13:58    05.7   00:00     11.6     00.0    11.2   01.5     12.7    07:41      E 
10    05.9    10.9   14:36   -00.1   00:00     12.4     00.0    00.0   00.3     04.6    15:12      E 
11    03.9    11.8   13:41   -01.8   06:42     14.4     00.0    00.0   00.4     05.8    16:32      SE
12    05.8    10.8   13:21    00.4   00:00     12.5     00.0    00.0   00.2     05.8    14:03     ENE
13    04.4    11.1   13:40    00.1   03:52     13.9     00.0    00.0   01.2     10.3    16:08     ENE
14    06.3    12.8   14:29    02.9   23:59     12.0     00.0    00.0   02.3     14.9    14:19      NE
15    06.0    08.3   12:50    01.2   03:34     12.3     00.0    00.0   01.4     08.1    20:57     NNE
16    06.7    11.0   13:26    03.1   00:00     11.6     00.0    00.0   02.2     14.9    15:58      NE
17    06.0    13.8   14:48    01.3   05:04     12.3     00.0    00.0   01.0     11.5    12:18     ENE
18    05.4    07.8   14:31    02.6   04:35     12.9     00.0    00.0   01.3     09.2    16:41      NE
19    06.8    09.2   11:51    05.4   05:47     11.5     00.0    00.0   01.7     08.1    23:14     NNE
20    07.7    12.7   15:28    04.7   05:39     10.6     00.0    00.0   01.2     09.2    14:25      NE
21    07.9    12.8   11:45    02.1   00:00     10.4     00.0    00.0   00.8     11.5    12:49      S 
22    07.3    16.2   12:45   -00.1   05:37     11.0     00.0    00.0   00.4     05.8    16:21      S 
23    07.8    14.0   12:48    03.0   03:49     10.5     00.0    00.0   00.3     08.1    12:44      S 
24    08.4    12.3   13:07    05.4   06:06     09.9     00.0    04.1   01.8     13.8    13:53      SW
25    10.2    17.6   13:47    06.1   00:00     08.1     00.0    03.3   01.2     12.7    13:25     SSW
26    09.2    13.3   16:35    05.0   00:53     09.1     00.0    03.6   02.5     19.6    19:59      S 
27    08.4    13.1   14:32    05.4   04:58     09.9     00.0    04.1   02.9     21.9    12:17     SSW
28    08.6    14.5   15:04    04.0   08:48     09.7     00.0    09.7   05.5     42.5    08:09      SW
29    08.1    14.4   14:51    03.6   03:45     10.2     00.0    04.6   02.9     18.4    11:45      SW
30    08.9    14.2   14:51    04.0   06:11     09.4     00.0    00.0   02.0     14.9    13:00      SW
--------------------------------------------------------------------------------------------------------
06.5 (7.0)   17.6  day 25    -02.0  day 08   353.6    000.0   050.7   01.7     42.6   day 28     SSW
Min <=   1: 10
Min <= -2: 1
Max Rain: 11.2 ON 9-03-16
Days of Rain: 12 (> .2mm) 9 (> 2mm) 0 (> 20mm)