NOAA style reports

NOAA-style Climate Reports

Select NOAA data to display

Select a Year or Month report

Report for 2015 Jul





                            MONTHLY CLIMATOLOGICAL SUMMARY for JUL. 2015

NAME:    CITY:  STATE: 
ELEV:  LAT:  LONG: 

                            TEMPERATURE ( C), RAIN (mm), WIND SPEED (mph)

                                               HEAT     COOL           AVG
      MEAN                                     DEG      DEG            WIND                       DOM
DAY   TEMP    HIGH   TIME     LOW    TIME      DAYS     DAYS    RAIN   SPEED    HIGH    TIME      DIR
--------------------------------------------------------------------------------------------------------
01    24.7    33.2   12:36    17.4   00:45     00.0     06.4    00.0   02.8     16.1    16:06      E 
02    22.1    28.9   16:11    16.5   23:59     00.0     03.8    00.5   02.3     17.3    20:08      SW
03    19.2    26.4   13:48    12.4   05:39     00.0     00.9    00.0   03.0     18.4    19:35      E 
04    22.8    29.7   14:55    17.6   00:00     00.0     04.5    19.1   03.0     17.3    15:04      SW
05    17.6    24.1   17:13    14.1   04:29     00.7     00.0    04.6   01.6     19.6    18:47      SW
06    18.2    25.3   16:56    10.9   05:04     00.1     00.0    00.0   02.5     16.1    11:54     SSW
07    18.6    24.9   13:22    12.8   04:46     00.0     00.3    00.0   03.8     24.1    18:07     WSW
08    16.7    21.2   15:51    11.9   00:00     01.6     00.0    01.3   04.5     24.1    16:52      W 
09    16.2    23.9   17:36    09.5   05:02     02.1     00.0    00.0   01.6     13.8    09:03      W 
10    19.1    27.5   16:21    11.0   05:30     00.0     00.8    00.0   02.0     13.8    15:59     SSE
11    20.7    27.7   15:58    14.1   05:41     00.0     02.4    00.0   02.7     16.1    20:32      W 
12    18.9    23.9   15:53    15.8   06:27     00.0     00.6    00.0   04.0     20.7    15:21      SW
13    18.2    21.3   15:05    16.3   07:21     00.1     00.0    02.5   03.0     16.1    15:08      SW
14    19.2    24.0   17:17    16.8   07:29     00.0     00.9    00.3   02.3     16.1    16:23     WSW
15    20.1    25.7   16:58    17.4   05:09     00.0     01.8    00.0   01.8     13.8    14:03     WNW
16    19.1    24.7   12:49    15.8   05:18     00.0     00.8    00.0   04.4     18.4    12:53      E 
17    20.2    27.6   15:39    14.7   05:39     00.0     01.9    00.0   03.8     20.7    14:24      SW
18    18.8    25.8   17:05    12.5   05:28     00.0     00.5    00.0   02.6     27.6    10:43     WSW
19    19.3    26.7   16:46    13.9   00:00     00.0     01.0    00.3   03.0     20.7    17:31     WSW
20    18.0    25.9   17:17    10.3   04:39     00.3     00.0    00.5   02.6     21.9    18:35     SSW
21    20.3    27.9   17:02    12.9   05:29     00.0     02.0    00.0   04.0     19.6    14:43      SW
22    18.5    25.6   12:20    13.0   00:00     00.0     00.2    00.0   02.5     19.6    16:28      SW
23    16.8    24.1   13:57    09.6   05:48     01.5     00.0    00.0   01.3     13.8    14:48      W 
24    15.2    18.8   11:02    12.6   00:00     03.1     00.0    22.5   01.1     14.9    20:41      NE
25    15.2    22.4   09:04    10.6   05:42     03.1     00.0    02.5   04.3     29.9    08:34      NW
26    14.1    16.3   09:02    10.9   04:36     04.2     00.0    06.4   02.3     13.8    15:49      S 
27    17.1    21.8   13:48    14.6   01:53     01.2     00.0    00.5   05.3     23.0    18:19     WSW
28    16.3    21.4   16:03    13.8   00:00     02.0     00.0    00.0   04.5     21.9    16:14     WSW
29    15.2    21.7   16:49    10.4   06:09     03.1     00.0    00.0   03.0     18.4    09:54      W 
30    14.9    20.7   14:08    10.2   00:00     03.4     00.0    00.0   02.3     14.9    15:24      NW
31    15.5    24.5   15:32    07.3   05:55     02.8     00.0    00.0   01.1     11.5    17:52     SSE
--------------------------------------------------------------------------------------------------------
18.3 (18.9)   33.2  day 01     07.3  day 31   029.4    028.7   057.6   02.9     29.9   day 25     WSW
Max >=  25: 14
Max Rain: 22.5 ON 24-07-15
Days of Rain: 12 (> .2mm) 6 (> 2mm) 1 (> 20mm)