NOAA style reports

NOAA-style Climate Reports

Select NOAA data to display

Select a Year or Month report

Report for 2015 Jun





                            MONTHLY CLIMATOLOGICAL SUMMARY for JUN. 2015

NAME:    CITY:  STATE: 
ELEV:  LAT:  LONG: 

                            TEMPERATURE ( C), RAIN (mm), WIND SPEED (mph)

                                               HEAT     COOL           AVG
      MEAN                                     DEG      DEG            WIND                       DOM
DAY   TEMP    HIGH   TIME     LOW    TIME      DAYS     DAYS    RAIN   SPEED    HIGH    TIME      DIR
--------------------------------------------------------------------------------------------------------
01    11.9    18.0   12:37    06.9   05:05     06.4     00.0    00.3   15.2     42.5    00:00     SSW
02    15.5    20.9   16:53    11.7   00:18     02.8     00.0    00.0   21.3     49.5    03:02      SW
03    15.6    21.5   17:48    09.9   00:00     02.7     00.0    00.0   09.1     29.9    00:12      W 
04    15.1    22.5   14:59    07.0   05:24     03.2     00.0    00.0   07.9     14.9    19:02     ESE
05    18.7    27.1   14:24    11.4   03:16     00.0     00.4    01.8   09.0     17.3    23:15      S 
06    14.8    21.5   15:24    08.4   05:08     03.5     00.0    00.0   04.0     21.9    17:25     WSW
07    14.4    22.2   16:05    07.2   05:30     03.9     00.0    00.0   02.2     14.9    18:51     NNW
08    12.3    18.1   11:12    07.4   00:00     06.0     00.0    00.0   01.9     14.9    19:14      NE
09    11.6    15.9   14:47    06.3   02:33     06.7     00.0    00.0   03.9     19.6    17:24      NE
10    13.7    19.3   17:06    09.8   05:31     04.6     00.0    00.0   03.6     17.3    17:49      NE
11    16.4    23.4   14:56    08.6   04:00     01.9     00.0    00.0   04.3     20.7    15:28     ENE
12    18.6    26.1   13:04    11.4   04:45     00.0     00.3    00.5   02.3     14.9    13:22     ENE
13    16.4    18.8   17:40    15.4   00:00     01.9     00.0    00.0   02.8     14.9    14:41     WSW
14    14.8    17.8   16:35    11.9   00:00     03.5     00.0    00.0   01.7     14.9    23:58     NNW
15    13.9    20.2   13:10    08.6   00:00     04.4     00.0    00.0   02.7     16.1    00:34     ENE
16    15.2    23.3   15:18    06.8   04:23     03.1     00.0    00.0   01.2     11.5    16:47      SE
17    19.3    26.4   16:57    12.4   03:22     00.0     01.0    01.5   03.4     19.6    17:51     WSW
18    17.2    22.2   16:37    12.7   00:00     01.1     00.0    00.5   03.3     17.3    12:54     WNW
19    15.1    20.2   15:53    10.2   05:06     03.2     00.0    00.0   03.5     18.4    10:04     WNW
20    15.5    19.6   12:46    10.8   04:53     02.8     00.0    03.3   01.3     11.5    13:27     WSW
21    17.4    21.6   13:36    14.5   06:38     00.9     00.0    00.0   03.5     18.4    15:48      W 
22    14.5    19.9   15:49    11.7   22:16     03.8     00.0    02.8   03.4     26.4    15:36      W 
23    14.8    20.8   16:52    11.0   05:28     03.5     00.0    00.0   02.8     16.1    09:46      NW
24    17.7    25.1   16:36    09.8   03:17     00.6     00.0    00.0   02.3     16.1    17:12      SW
25    19.6    27.4   17:31    11.8   04:28     00.0     01.3    00.0   01.5     17.3    14:39      SW
26    20.3    29.8   15:11    12.6   05:10     00.0     02.0    00.0   02.4     18.4    17:38      SW
27    19.4    26.5   16:55    12.9   05:09     00.0     01.1    00.0   02.7     17.3    17:09      W 
28    18.3    23.9   17:12    14.6   02:48     00.0     00.0    02.5   01.9     16.1    16:24      SW
29    19.9    27.8   16:22    12.7   04:48     00.0     01.6    00.0   01.6     12.7    15:05     WSW
30    20.8    29.2   15:07    12.3   05:09     00.0     02.5    00.0   02.6     16.1    19:29      E 
--------------------------------------------------------------------------------------------------------
16.3 (16.6)   29.8  day 26     06.3  day 09   070.3    010.2   013.7   04.3     49.5   day 02      SW
Max >=  25: 9
Max Rain: 3.3 ON 20-06-15
Days of Rain: 8 (> .2mm) 3 (> 2mm) 0 (> 20mm)