NOAA style reports

NOAA-style Climate Reports

Select NOAA data to display

Select a Year or Month report

Report for 2015 May




                            MONTHLY CLIMATOLOGICAL SUMMARY for MAY. 2015

NAME:    CITY:  STATE: 
ELEV:  LAT:  LONG: 

                            TEMPERATURE ( C), RAIN (mm), WIND SPEED (mph)

                                               HEAT     COOL           AVG
      MEAN                                     DEG      DEG            WIND                       DOM
DAY   TEMP    HIGH   TIME     LOW    TIME      DAYS     DAYS    RAIN   SPEED    HIGH    TIME      DIR
----------------------------------------------------------------------------------------------------------------------------------------------------------
01    08.5    15.6   13:49    03.6   01:09     09.8     00.0    00.0   09.0     14.9    10:32     ENE
02    08.4    14.6   14:58    02.1   04:51     09.9     00.0    00.0   11.1     34.5    14:02      E 
03    14.3    22.0   15:46    09.5   00:05     04.0     00.0    02.8   15.0     33.4    16:32      S 
04    14.7    21.6   14:40    11.2   05:10     03.6     00.0    03.3   12.7     19.6    03:42     SSW
05    14.1    18.9   14:11    11.1   23:11     04.2     00.0    12.3   21.5     58.6    19:42     SSW
06    11.6    15.9   12:42    08.6   06:44     06.7     00.0    08.6   21.7     46.0    13:02      SW
07    12.9    20.3   14:25    08.6   03:19     05.4     00.0    00.0   08.8     16.1    15:02     WSW
08    12.0    19.8   13:37    07.1   04:43     06.3     00.0    00.3   07.7     14.9    17:12     SSE
09    13.9    19.1   16:59    08.8   23:54     04.4     00.0    00.0   13.4     29.9    17:02     WSW
10    14.1    22.0   15:21    05.5   05:03     04.2     00.0    00.0   09.5     17.3    17:02     SSW
11    16.7    24.8   16:24    10.4   04:18     01.6     00.0    00.0   11.0     16.1    17:32      SW
12    14.3    20.4   16:32    10.2   23:52     04.0     00.0    00.0   10.4     18.4    15:12     WSW
13    12.4    21.7   15:00    05.2   05:51     05.9     00.0    00.0   05.9     13.8    19:32     NNE
14    08.4    11.5   08:58    05.6   02:52     09.9     00.0    13.7   12.5     33.4    17:12     ENE
15    11.8    18.1   17:39    07.6   05:27     06.5     00.0    00.3   08.2     14.9    23:32     NNW
16    14.7    20.7   17:25    08.9   23:57     03.6     00.0    00.0   10.3     14.9    12:02      W 
17    12.9    19.8   14:17    06.6   04:24     05.4     00.0    00.0   07.3     12.7    18:42      W 
18    11.6    17.1   16:55    08.6   23:59     06.7     00.0    01.3   12.9     38.0    15:12      SW
19    09.6    16.8   13:22    06.4   23:58     08.7     00.0    07.6   11.7     33.4    14:12     WSW
20    10.6    17.9   15:47    04.7   05:31     07.7     00.0    00.3   09.4     28.8    17:42     WNW
21    13.8    22.6   16:28    05.9   05:35     04.5     00.0    00.0   06.5     11.5    17:32     WSW
22    16.0    23.6   17:21    09.0   04:10     02.3     00.0    00.0   05.6     10.3    16:32     WSW
23    14.3    18.2   16:19    08.2   23:48     04.0     00.0    00.0   07.5     11.5    14:12      NE
24    14.0    21.7   12:28    07.1   01:11     04.3     00.0    00.8   07.0     13.8    10:02     WSW
25    12.5    17.7   15:01    08.1   05:03     05.8     00.0    00.3   05.7     10.3    13:12      NW
26    14.2    20.6   13:49    08.1   03:51     04.1     00.0    00.0   06.6     10.3    16:02      NW
27    14.1    22.8   15:56    06.3   05:32     04.2     00.0    00.0   08.3     14.9    21:02     WSW
28    14.9    20.5   16:53    11.1   03:12     03.4     00.0    00.0   10.3     28.8    09:02      W 
29    11.5    15.7   09:39    07.9   00:00     06.8     00.0    02.3   10.6     29.9    17:32     WSW
30    12.7    19.6   15:56    06.1   04:00     05.6     00.0    00.0   07.9     11.5    22:02     WSW
31    12.8    16.1   16:22    08.3   00:00     05.5     00.0    01.6   12.1     18.4    11:36      SW
----------------------------------------------------------------------------------------------------------------------------------------------------------
12.8 (13.5)   24.8  day 11     02.1  day 02   169.1    000.0   054.4   10.3     58.7   day 05     WSW
Max Rain: 13.7 ON 14-05-15
Days of Rain: 14 (> .2mm) 7 (> 2mm) 0 (> 20mm)