NOAA style reports

NOAA-style Climate Reports

Select NOAA data to display

Select a Year or Month report

Report for 2015 Apr






                            MONTHLY CLIMATOLOGICAL SUMMARY for APR. 2015

NAME:    CITY:  STATE: 
ELEV:  LAT:  LONG: 

                            TEMPERATURE ( C), RAIN (mm), WIND SPEED (mph)

                                               HEAT     COOL           AVG
      MEAN                                     DEG      DEG            WIND                       DOM
DAY   TEMP    HIGH   TIME     LOW    TIME      DAYS     DAYS    RAIN   SPEED    HIGH    TIME      DIR
----------------------------------------------------------------------------------------------------------------------------------------------------------
01    08.0    13.9   13:51    03.6   05:40     10.3     00.0    00.3   13.4     40.3    23:02      W 
02    08.5    13.8   14:38    05.5   06:30     09.8     00.0    05.1   08.1     11.5    08:32     NNW
03    08.6    13.8   13:43    05.6   07:10     09.7     00.0    03.3   07.7     11.5    07:32      SE
04    07.9    10.4   14:22    06.0   00:00     10.4     00.0    00.0   07.7     13.8    13:02      N 
05    08.2    13.9   13:11    02.8   00:00     10.1     00.0    00.0   02.8     05.8    20:02      SE
06    07.4    15.6   11:45    00.6   05:46     10.9     00.0    00.0   06.7     12.7    12:32      N 
07    09.2    20.2   15:50    00.1   05:36     09.1     00.0    00.0   03.9     06.9    16:04     WSW
08    10.1    16.6   13:54    04.8   05:27     08.2     00.0    00.0   07.2     19.6    10:32     ESE
09    09.5    18.3   14:07    04.9   07:18     08.8     00.0    00.0   06.1     09.2    20:12      SE
10    09.7    18.7   13:51    02.7   05:54     08.6     00.0    00.0   07.9     12.7    11:02      SE
11    10.9    16.5   16:08    05.8   23:58     07.4     00.0    01.0   12.3     28.8    12:02     WSW
12    10.4    19.8   14:56    01.9   06:19     07.9     00.0    00.0   14.1     40.3    16:42      SW
13    09.9    17.1   16:41    02.9   06:25     08.4     00.0    00.0   04.8     09.2    21:02      SW
14    13.6    23.8   16:45    03.9   05:54     04.7     00.0    00.0   09.5     13.8    18:42     WSW
15    17.9    26.9   14:27    07.8   06:59     00.4     00.0    00.0   09.5     12.7    22:42     WSW
16    13.6    19.6   06:45    03.2   10:45     04.7     00.0    00.0   09.4     33.4    13:02      E 
17    11.8    14.7   13:03    06.1   23:47     06.5     00.0    00.0   11.7     26.4    22:12     ENE
18    09.1    16.3   13:51    03.0   05:41     09.2     00.0    00.0   12.2     17.3    17:32     ENE
19    07.7    12.8   15:20    01.3   05:38     10.6     00.0    00.0   06.8     11.5    11:02      N 
20    10.1    19.7   14:21    01.8   04:18     08.2     00.0    00.0   08.0     11.5    12:12     ENE
21    10.6    20.3   15:16    02.1   06:01     07.7     00.0    00.0   08.5     12.7    19:32      NE
22    09.7    15.2   12:55    04.9   05:56     08.6     00.0    00.0   09.7     16.1    12:32     ENE
23    10.0    17.3   15:34    04.7   23:59     08.3     00.0    00.0   06.0     10.3    19:42      E 
24    12.4    22.1   14:35    02.8   05:06     05.9     00.0    00.0   09.4     17.3    16:32      SW
25    14.3    21.3   16:52    11.3   07:07     04.0     00.0    01.3   11.3     19.6    15:12      SW
26    08.7    12.0   00:17    03.6   23:59     09.6     00.0    03.8   07.0     10.3    07:02     NNE
27    08.0    16.3   13:21    02.4   06:22     10.3     00.0    00.0   06.3     13.8    20:02      N 
28    09.2    15.9   17:32    03.6   06:08     09.1     00.0    00.0   10.1     32.2    16:02     WSW
29    09.0    15.4   17:27    05.1   23:42     09.3     00.0    02.5   10.9     21.9    11:32      SW
30    09.6    18.0   15:19    03.8   04:11     08.7     00.0    00.0   10.3     17.3    17:02      W 
----------------------------------------------------------------------------------------------------------------------------------------------------------
10.1 (10.6)   26.9  day 15     00.1  day 07   245.4    000.0   017.2   08.6     40.3   day 12     WSW
Max >=  25: 1
Min <=   1: 2
Max Rain: 5.1 ON 2-04-15
Days of Rain: 7 (> .2mm) 4 (> 2mm) 0 (> 20mm)