NOAA style reports

NOAA-style Climate Reports

Select NOAA data to display

Select a Year or Month report

Report for 2015 Feb




                            MONTHLY CLIMATOLOGICAL SUMMARY for FEB. 2015

NAME:    CITY:  STATE: 
ELEV:  LAT:  LONG: 

                            TEMPERATURE ( C), RAIN (mm), WIND SPEED (mph)

                                               HEAT     COOL           AVG
      MEAN                                     DEG      DEG            WIND                       DOM
DAY   TEMP    HIGH   TIME     LOW    TIME      DAYS     DAYS    RAIN   SPEED    HIGH    TIME      DIR
----------------------------------------------------------------------------------------------------------------------------------------------------------
01    02.8    05.4   12:47   -01.1   00:00     15.5     00.0    00.0   06.9     29.9    09:17     WNW
02   -00.2    04.2   14:16   -03.0   06:18     18.5     00.0    00.0   02.6     14.9    12:01      W 
03    01.5    04.7   12:55   -00.6   00:02     16.8     00.0    00.8   01.7     12.7    09:51      NW
04    02.0    04.6   14:20   -00.1   01:40     16.3     00.0    00.3   02.9     18.4    13:32      NW
05    02.4    06.8   14:03    00.8   23:54     15.9     00.0    00.0   03.2     17.3    13:16     NNE
06    02.1    05.8   14:20   -00.1   03:07     16.2     00.0    00.0   03.7     23.0    13:56      NE
07    03.0    05.9   12:39   -00.4   04:39     15.3     00.0    00.0   01.8     11.5    21:59     NNW
08    04.1    08.8   14:26    01.2   00:00     14.2     00.0    00.0   02.4     13.8    22:48      NW
09    03.8    10.1   14:20   -01.3   00:00     14.5     00.0    00.0   01.7     14.9    11:43     WNW
10    04.1    07.4   13:41   -01.4   00:12     14.2     00.0    00.0   00.7     08.1    22:33     ESE
11    04.7    05.4   14:01    03.9   00:00     13.6     00.0    00.0   00.8     08.1    05:54     ESE
12    03.4    04.3   13:41    00.7   23:27     14.9     00.0    00.0   00.5     05.8    20:24      SE
13    05.9    09.0   11:50    01.2   00:09     12.4     00.0    03.8   04.1     18.4    15:06     SSE
14    07.2    09.3   14:41    05.9   22:53     11.1     00.0    01.5   03.3     14.9    01:34      E 
15    06.2    10.3   12:16    03.3   20:15     12.1     00.0    00.0   01.1     06.9    16:08     ENE
16    06.0    09.3   12:19    03.4   06:10     12.3     00.0    07.6   01.9     11.5    11:26     SSE
17    04.4    10.4   14:09    01.1   23:36     13.9     00.0    00.0   02.6     14.9    11:46     WNW
18    04.7    11.4   14:03   -00.9   06:49     13.6     00.0    00.0   02.7     14.9    12:49     SSW
19    06.1    10.3   11:46    03.1   03:51     12.2     00.0    05.8   04.4     20.7    11:01     SSW
20    05.8    08.1   09:19    02.1   22:56     12.5     00.0    02.3   01.3     10.3    00:04      W 
21    03.3    08.3   14:38    00.1   23:56     15.0     00.0    00.3   02.7     17.3    11:25      W 
22    03.8    08.9   00:00   -01.7   06:48     14.5     00.0    05.6   04.8     25.3    19:23      S 
23    05.8    09.2   13:59    03.3   07:22     12.5     00.0    00.0   05.4     26.4    01:00      SW
24    06.4    10.4   11:55    03.9   07:11     11.9     00.0    00.0   05.3     24.1    15:24     WSW
25    07.8    12.2   14:45    04.6   03:43     10.5     00.0    00.5   01.8     12.7    10:55      SW
26    08.3    11.3   11:28    01.9   23:59     10.0     00.0    05.6   03.7     19.6    14:41     WSW
27    04.1    10.7   14:10   -00.3   06:28     14.2     00.0    00.0   02.0     13.8    10:32     WSW
28    07.2    10.1   23:52    01.9   00:41     11.1     00.0    01.5   04.9     23.0    22:52      S 
----------------------------------------------------------------------------------------------------------------------------------------------------------
04.5 (4.7)   12.2  day 25    -03.0  day 02   385.4    000.0   035.8   02.9     29.9   day 24     WSW
Max <=   5: 4
Min <=   1: 14
Min <= -2: 1
Max Rain: 7.6 ON 16-02-15
Days of Rain: 12 (> .2mm) 6 (> 2mm) 0 (> 20mm)