NOAA style reports

NOAA-style Climate Reports

Select NOAA data to display

Select a Year or Month report

Report for 2014 Nov






                            MONTHLY CLIMATOLOGICAL SUMMARY for NOV. 2014

NAME:    CITY:  STATE: 
ELEV:  LAT:  LONG: 

                            TEMPERATURE ( C), RAIN (mm), WIND SPEED (mph)

                                               HEAT     COOL           AVG
      MEAN                                     DEG      DEG            WIND                       DOM
DAY   TEMP    HIGH   TIME     LOW    TIME      DAYS     DAYS    RAIN   SPEED    HIGH    TIME      DIR
----------------------------------------------------------------------------------------------------------------------------------------------------------
01    13.5    18.3   13:32    10.8   22:06     04.8     00.0    00.0   02.9     11.5    22:21     SSE
02    13.3    15.9   11:26    09.6   23:04     05.0     00.0    03.8   04.6     17.3    12:00      SE
03    08.3    10.1   08:50    04.4   00:00     10.0     00.0    08.8   02.4     12.7    05:10      S 
04    07.4    12.5   13:45    03.6   02:44     10.9     00.0    00.3   00.8     10.3    09:10      S 
05    07.0    10.8   13:54    03.1   00:00     11.3     00.0    00.0   07.2     13.8    15:12      E 
06    07.0    11.4   14:54   -00.1   07:05     11.3     00.0    00.0   03.8     16.1    23:56     NNW
07    10.5    13.2   11:42    06.7   23:34     07.8     00.0    02.3   05.5     27.6    14:50      W 
08    10.3    14.1   12:05    05.3   06:09     08.0     00.0    07.4   04.1     19.6    10:43      S 
09    08.6    12.0   13:51    04.7   22:22     09.7     00.0    03.1   01.6     09.2    22:52      S 
10    09.0    12.8   12:46    05.1   03:02     09.3     00.0    00.2   03.3     16.1    12:40      S 
11    10.9    13.1   13:57    08.5   07:10     07.4     00.0    00.3   04.4     17.3    22:49      S 
12    10.7    12.7   11:14    07.3   20:01     07.6     00.0    01.5   03.4     14.9    12:46      SE
13    10.5    12.3   21:52    07.4   03:39     07.8     00.0    00.2   03.8     14.9    17:47     SSE
14    09.9    12.6   14:58    05.3   00:00     08.4     00.0    09.1   02.7     14.9    05:36     SSE
15    07.8    11.4   14:54    05.2   01:43     10.5     00.0    00.5   01.8     10.3    20:43      SE
16    09.1    11.0   14:54    07.1   01:18     09.2     00.0    04.8   03.9     09.2    19:02      E 
17    08.5    10.9   12:28    07.3   07:24     09.8     00.0    02.6   03.6     11.5    08:28      E 
18    09.4    12.6   12:59    07.4   05:37     08.9     00.0    01.3   02.0     10.3    19:28     SSE
19    08.3    11.6   13:59    05.2   23:53     10.0     00.0    00.0   01.1     09.2    14:20      NE
20    07.3    11.6   13:37    05.1   05:38     11.0     00.0    00.0   02.1     11.5    13:38     ENE
21    08.6    09.9   12:27    06.3   01:03     09.7     00.0    00.4   03.8     13.8    15:24     ESE
22    11.8    13.3   13:55    09.4   01:22     06.5     00.0    03.9   01.0     12.7    00:00      SE
23    06.5    12.9   00:01    04.1   00:00     11.8     00.0    27.4   06.4     12.7    14:10     NNW
24    03.6    07.9   12:50    00.9   07:18     14.7     00.0    00.0   03.2     05.8    14:12      NW
25    05.4    09.4   14:25   -00.3   04:00     12.9     00.0    01.8   07.4     10.3    16:12      NE
26    08.9    09.8   14:15    08.1   02:01     09.4     00.0    11.7   02.7     09.2    03:42      E 
27    10.3    11.4   12:33    09.1   21:49     08.0     00.0    01.0   02.3     09.2    05:51     ESE
28    10.6    12.3   14:34    09.4   06:37     07.7     00.0    00.0   04.2     14.9    11:22      E 
29    09.4    12.3   13:13    05.4   00:00     08.9     00.0    00.0   03.9     12.7    14:34     ESE
30    08.4    11.3   14:04    04.8   02:09     09.9     00.0    00.3   03.3     13.8    17:08     NNW
----------------------------------------------------------------------------------------------------------------------------------------------------------
09.0 (9.0)   18.3  day 01    -00.3  day 25   278.2    000.0   102.9   03.4     27.6   day 07     ESE
Min <=   1: 3
Max Rain: 27.4 ON 23-11-14
Days of Rain: 20 (> .2mm) 11 (> 2mm) 1 (> 20mm)