NOAA style reports

NOAA-style Climate Reports

Select NOAA data to display

Select a Year or Month report

Report for 2014 Sep






                            MONTHLY CLIMATOLOGICAL SUMMARY for SEP. 2014

NAME:    CITY:  STATE: 
ELEV:  LAT:  LONG: 

                            TEMPERATURE ( C), RAIN (mm), WIND SPEED (mph)

                                               HEAT     COOL           AVG
      MEAN                                     DEG      DEG            WIND                       DOM
DAY   TEMP    HIGH   TIME     LOW    TIME      DAYS     DAYS    RAIN   SPEED    HIGH    TIME      DIR
----------------------------------------------------------------------------------------------------------------------------------------------------------
01    15.4    20.2   10:59    10.0   05:32     02.9     00.0    00.0   01.8     10.3    13:39     WSW
02    16.9    22.6   13:56    13.2   01:48     01.4     00.0    00.0   02.2     10.3    13:29     ENE
03    17.0    23.5   14:24    12.2   04:04     01.3     00.0    00.0   02.5     14.9    16:39      E 
04    17.0    21.1   15:19    13.1   02:31     01.3     00.0    00.0   02.1     09.2    18:24     ENE
05    16.2    21.2   16:12    12.7   02:06     02.1     00.0    00.0   01.4     09.2    16:48      NW
06    17.0    22.2   16:09    12.8   00:39     01.3     00.0    00.3   00.8     09.2    14:50      NW
07    15.7    22.6   14:56    11.8   03:11     02.6     00.0    00.3   01.3     09.2    14:56     NNW
08    14.9    23.4   15:41    07.8   06:26     03.4     00.0    00.0   01.2     09.2    17:04     ENE
09    14.9    23.1   13:50    09.2   06:45     03.4     00.0    00.0   01.6     09.2    16:35      E 
10    14.2    22.0   14:46    09.1   05:50     04.1     00.0    00.0   02.0     13.8    15:44      E 
11    14.9    19.1   16:06    09.2   02:24     03.4     00.0    00.0   02.3     10.3    13:50      NE
12    16.2    22.6   14:30    12.8   07:06     02.1     00.0    00.0   02.6     13.8    15:35     ENE
13    15.6    22.5   14:56    11.0   05:32     02.7     00.0    00.0   02.6     13.8    14:27     ENE
14    15.7    20.5   16:33    12.5   04:20     02.6     00.0    00.0   03.3     14.9    16:56     ENE
15    15.8    23.0   14:12    11.4   05:49     02.5     00.0    00.0   01.4     09.2    16:48      E 
16    17.4    24.4   14:35    13.1   01:13     00.9     00.0    00.0   02.6     10.3    22:27      E 
17    17.3    21.6   15:18    14.7   00:00     01.0     00.0    00.0   02.3     09.2    17:11      NE
18    18.6    26.4   14:55    14.0   01:01     00.0     00.3    00.0   02.5     10.3    16:50     ENE
19    18.8    25.0   15:43    15.7   07:27     00.0     00.5    27.7   01.7     09.2    06:00      E 
20    16.7    19.4   14:03    14.6   21:12     01.6     00.0    03.3   01.7     10.3    15:28      N 
21    14.2    17.9   15:13    10.9   07:12     04.1     00.0    00.0   03.0     14.9    13:26      N 
22    12.6    19.5   15:40    07.7   07:01     05.7     00.0    00.0   02.0     11.5    12:20      NW
23    13.2    20.1   14:16    07.4   04:31     05.1     00.0    00.0   01.5     10.3    13:49     WSW
24    14.1    19.8   15:14    10.1   00:00     04.2     00.0    01.5   03.3     19.6    13:27     WNW
25    13.9    20.9   15:58    07.1   07:18     04.4     00.0    00.0   03.0     13.8    16:02     WSW
26    17.3    22.8   16:07    14.2   22:39     01.0     00.0    00.0   02.9     12.7    15:23     WSW
27    16.8    22.3   13:55    13.1   04:51     01.5     00.0    00.0   01.3     08.1    16:18     ESE
28    17.9    23.9   13:59    14.1   23:55     00.4     00.0    00.0   02.0     10.3    12:13      E 
29    15.4    18.8   16:51    13.2   06:56     02.9     00.0    02.0   00.7     05.8    21:50      S 
30    16.4    23.3   15:38    11.6   07:26     01.9     00.0    00.0   02.3     09.2    19:57      SW
----------------------------------------------------------------------------------------------------------------------------------------------------------
15.9 (16.8)   26.4  day 18     07.1  day 25   071.9    000.9   035.1   02.1     19.6   day 24      NE
Max >=  25: 1
Max Rain: 27.7 ON 19-09-14
Days of Rain: 6 (> .2mm) 3 (> 2mm) 1 (> 20mm)