NOAA style reports

NOAA-style Climate Reports

Select NOAA data to display

Select a Year or Month report

Report for 2014 Feb






                            MONTHLY CLIMATOLOGICAL SUMMARY for FEB. 2014

NAME:    CITY:  STATE: 
ELEV:  LAT:  LONG: 

                            TEMPERATURE ( C), RAIN (mm), WIND SPEED (mph)

                                               HEAT     COOL           AVG
      MEAN                                     DEG      DEG            WIND                       DOM
DAY   TEMP    HIGH   TIME     LOW    TIME      DAYS     DAYS    RAIN   SPEED    HIGH    TIME      DIR
----------------------------------------------------------------------------------------------------------------------------------------------------------
01    06.8    08.9   03:42    04.6   08:39     11.5     00.0    04.1   06.7     23.0    15:13     SSW
02    06.4    10.1   13:24    02.3   23:54     11.9     00.0    00.0   04.2     19.6    00:40     SSW
03    04.9    08.4   14:27    01.7   01:29     13.4     00.0    00.0   04.1     18.4    11:31      S 
04    06.4    09.3   14:26    02.9   07:58     11.9     00.0    00.3   05.6     21.9    22:12      S 
05    07.6    09.8   18:42    05.3   03:03     10.7     00.0    04.8   08.8     26.4    20:10     SSW
06    07.4    09.6   20:28    05.3   15:56     10.9     00.0    10.2   05.5     20.7    00:25     SSW
07    07.1    09.7   14:01    03.9   08:12     11.2     00.0    07.6   05.0     20.7    07:47      SW
08    07.6    10.3   10:50    06.3   11:14     10.7     00.0    04.8   08.6     32.2    11:51     SSW
09    06.6    09.3   14:13    03.4   21:34     11.7     00.0    00.0   07.7     28.8    12:53      SW
10    05.1    09.1   15:00    02.5   00:00     13.2     00.0    05.8   02.2     12.7    21:20      SW
11    04.3    07.6   12:45    01.0   05:43     14.0     00.0    03.0   04.8     23.0    12:42     SSW
12    05.8    08.8   10:52    02.3   06:11     12.5     00.0    03.8   06.2     26.4    11:14     SSW
13    05.2    09.2   12:18    03.1   23:02     13.1     00.0    01.0   05.3     21.9    12:53      SW
14    06.1    11.4   20:23    01.7   04:52     12.2     00.0    14.7   06.5     38.0    22:36      S 
15    08.3    10.9   14:09    05.0   23:59     10.0     00.0    00.8   10.0     46.0    00:27      SW
16    05.3    11.2   14:26    01.6   07:26     13.0     00.0    00.0   02.7     13.8    01:21      SW
17    06.7    12.1   13:20    01.8   03:47     11.6     00.0    01.3   03.2     17.3    13:26      S 
18    07.8    11.8   13:45    04.9   20:38     10.5     00.0    02.0   02.7     11.5    14:43     SSW
19    07.7    12.2   13:05    04.0   03:15     10.6     00.0    00.3   03.0     11.5    14:23      SW
20    09.5    12.9   14:09    04.6   22:05     08.8     00.0    00.5   04.7     19.6    17:04     SSW
21    06.3    11.1   13:46    02.5   07:19     12.0     00.0    00.3   04.7     18.4    15:11      SW
22    07.6    13.1   14:31    03.6   06:42     10.7     00.0    00.0   04.3     16.1    12:41      SW
23    09.8    12.9   14:07    06.9   00:40     08.5     00.0    00.0   06.3     25.3    10:40      S 
24    10.2    15.4   14:05    06.6   05:06     08.1     00.0    00.0   05.2     18.4    23:37      S 
25    08.7    12.0   13:51    05.2   22:22     09.6     00.0    01.3   05.3     19.6    13:24      S 
26    06.9    12.9   14:08    01.4   06:49     11.4     00.0    00.0   03.0     12.7    12:58      SW
27    06.9    12.7   13:41    01.2   23:59     11.4     00.0    07.1   04.2     18.4    12:43     SSW
28    04.3    06.3   14:02    00.6   02:56     14.0     00.0    11.7   02.9     12.7    17:46     ENE
----------------------------------------------------------------------------------------------------------------------------------------------------------
06.9 (7.1)   15.4  day 24     00.6  day 28   319.2    000.0   085.4   05.1     46.0   day 15     SSW
Min <=   1: 2
Max Rain: 14.7 ON 14-02-14
Days of Rain: 20 (> .2mm) 11 (> 2mm) 0 (> 20mm)