NOAA style reports

NOAA-style Climate Reports

Select NOAA data to display

Select a Year or Month report

Report for 2013 Dec






                            MONTHLY CLIMATOLOGICAL SUMMARY for DEC. 2013

NAME:    CITY:  STATE: 
ELEV:  LAT:  LONG: 

                            TEMPERATURE ( C), RAIN (mm), WIND SPEED (mph)

                                               HEAT     COOL           AVG
      MEAN                                     DEG      DEG            WIND                       DOM
DAY   TEMP    HIGH   TIME     LOW    TIME      DAYS     DAYS    RAIN   SPEED    HIGH    TIME      DIR
----------------------------------------------------------------------------------------------------------------------------------------------------------
01    05.7    08.6   14:52    01.1   05:19     12.6     00.0    00.0   01.5     06.9    11:39     WNW
02    07.3    09.8   13:33    05.1   21:04     11.0     00.0    00.0   01.0     06.9    13:16     ESE
03    06.0    06.9   03:15    05.2   21:39     12.3     00.0    00.0   01.6     08.1    17:31      W 
04    05.5    08.9   12:46    01.1   00:00     12.8     00.0    00.3   02.7     14.9    12:50     WNW
05    04.8    10.6   14:41   -00.6   01:21     13.5     00.0    00.5   05.8     32.2    15:28      W 
06    05.1    06.8   13:10    02.6   07:44     13.2     00.0    00.0   03.3     19.6    11:49     WNW
07    06.8    09.4   13:17    04.3   07:37     11.5     00.0    00.3   04.2     10.3    00:00     WSW
08    07.6    11.6   13:15    04.4   07:52     10.7     00.0    00.0   10.7     16.1    13:02     WSW
09    06.7    10.2   13:25    02.1   23:43     11.6     00.0    00.0   08.9     16.1    02:42      SW
10    03.1    06.9   15:21   -00.4   03:49     15.2     00.0    00.0   05.6     09.2    00:42      S 
11    01.8    06.2   13:25   -01.2   00:00     16.5     00.0    00.0   05.7     10.3    20:32      SE
12    02.8    08.1   14:39   -01.9   04:20     15.5     00.0    00.0   06.5     13.8    10:42      S 
13    08.5    09.8   15:56    05.2   00:02     09.8     00.0    01.3   02.8     12.7    23:10     SSW
14    07.8    11.1   12:52    01.9   08:07     10.5     00.0    00.3   05.0     23.0    22:53     SSW
15    10.5    12.3   23:15    06.3   08:28     07.8     00.0    03.3   05.6     24.1    21:16     SSW
16    11.2    12.6   14:06    07.4   00:00     07.1     00.0    11.8   04.7     21.9    06:13     SSW
17    05.7    07.3   00:01    04.3   08:08     12.6     00.0    09.9   01.5     10.3    02:45     SSE
18    08.0    10.4   13:08    04.6   07:35     10.3     00.0    06.6   05.7     27.6    19:32      S 
19    05.9    09.7   00:13    03.6   23:59     12.4     00.0    05.1   03.5     17.3    01:52      SW
20    05.9    10.2   23:36    01.4   07:19     12.4     00.0    00.0   05.0     28.8    21:22     SSW
21    10.3    11.7   21:12    08.9   00:00     08.0     00.0    06.4   08.5     27.6    20:42     SSW
22    07.5    10.3   13:42    04.2   23:55     10.8     00.0    00.5   05.4     21.9    08:43      SW
23    08.2    11.7   22:02    03.1   04:21     10.1     00.0    07.6   07.8     39.1    23:48      S 
24    08.1    11.4   00:04    05.2   19:51     10.2     00.0    16.5   06.5     35.6    02:00     SSW
25    03.8    06.9   13:05    01.4   23:34     14.5     00.0    00.5   02.4     12.7    11:14      S 
26    03.4    06.9   23:58    01.2   17:46     14.9     00.0    00.8   01.9     18.4    23:50      SW
27    08.5    10.5   05:43    05.4   23:53     09.8     00.0    03.4   08.1     28.8    11:27     SSW
28    04.5    08.0   13:34    00.8   00:00     13.8     00.0    00.0   02.5     10.3    13:37      SW
29    02.9    06.9   13:49   -00.6   05:30     15.4     00.0    00.0   02.2     14.9    20:35     WSW
30    07.8    10.3   13:56    03.6   23:02     10.5     00.0    02.8   06.2     28.8    13:28     SSW
31    07.1    10.3   11:40    03.9   22:00     11.2     00.0    04.0   04.3     18.4    11:03      S 
----------------------------------------------------------------------------------------------------------------------------------------------------------
06.4 (6.2)   12.6  day 16    -01.9  day 12   368.6    000.0   082.1   04.7     39.1   day 24     SSW
Min <=   1: 6
Max Rain: 16.5 ON 24-12-14
Days of Rain: 19 (> .2mm) 11 (> 2mm) 0 (> 20mm)