NOAA style reports

NOAA-style Climate Reports

Select NOAA data to display

Select a Year or Month report

Report for 2013 Nov






                            MONTHLY CLIMATOLOGICAL SUMMARY for NOV. 2013

NAME:    CITY:  STATE: 
ELEV:  LAT:  LONG: 

                            TEMPERATURE ( C), RAIN (mm), WIND SPEED (mph)

                                               HEAT     COOL           AVG
      MEAN                                     DEG      DEG            WIND                       DOM
DAY   TEMP    HIGH   TIME     LOW    TIME      DAYS     DAYS    RAIN   SPEED    HIGH    TIME      DIR
----------------------------------------------------------------------------------------------------------------------------------------------------------
01    12.2    15.1   13:29    10.5   23:41     06.1     00.0    00.5   09.4     14.9    16:12     SSW
02    11.3    15.6   13:30    09.3   00:00     07.0     00.0    00.5   13.8     42.5    21:32      SW
03    08.7    12.6   13:49    06.8   06:56     09.6     00.0    08.8   14.7     35.6    00:02     WSW
04    06.0    09.2   14:27    02.6   21:47     12.3     00.0    05.1   10.9     18.4    01:32     NNW
05    07.3    12.2   13:41    01.9   01:06     11.0     00.0    04.1   09.9     17.3    15:02     WSW
06    11.0    14.1   22:33    08.1   00:20     07.3     00.0    04.1   11.3     21.9    22:13      SW
07    09.0    13.9   00:48    05.6   18:39     09.3     00.0    00.5   07.7     19.6    00:03     WSW
08    06.9    13.6   13:49    02.8   05:13     11.4     00.0    04.2   06.4     09.2    00:00      SW
09    05.0    07.8   11:38    02.5   07:04     13.3     00.0    00.5   07.0     10.3    13:03      SW
10    04.1    08.8   13:54   -00.7   23:40     14.2     00.0    01.0   07.2     13.8    11:32     WNW
11    07.4    11.4   00:00   -00.8   01:52     10.9     00.0    02.0   10.6     19.6    11:33      S 
12    09.0    12.3   05:05    02.7   22:59     09.3     00.0    01.0   06.9     12.7    07:03      NW
13    03.6    09.8   11:18    00.4   07:00     14.7     00.0    00.0   06.3     14.9    00:00     WSW
14    06.7    09.9   13:24    03.3   20:47     11.6     00.0    00.5   10.9     17.3    12:43     WNW
15    05.1    09.9   14:27    01.4   00:00     13.2     00.0    00.0   07.1     11.5    10:33     NNW
16    04.9    09.9   12:42   -00.7   06:49     13.4     00.0    00.0   04.0     06.9    15:42     WSW
17    08.1    09.8   13:14    05.5   07:34     10.2     00.0    00.0   03.7     06.9    12:02     NNE
18    08.1    10.2   12:36    05.5   00:00     10.2     00.0    00.5   04.5     11.5    19:32      W 
19    02.5    05.6   13:42   -01.1   00:00     15.8     00.0    00.0   08.4     13.8    14:12      NW
20    02.0    05.6   12:04   -02.6   02:29     16.3     00.0    07.1   10.0     27.6    19:42     WSW
21    04.0    07.0   14:31    01.4   00:00     14.3     00.0    00.0   10.0     32.2    09:32      N 
22    04.4    08.7   14:08    01.1   02:28     13.9     00.0    00.0   09.5     13.8    13:02      N 
23    04.3    07.5   16:08    02.1   00:46     14.0     00.0    00.0   06.7     11.5    13:32     NNW
24    06.3    08.9   14:04    03.7   22:49     12.0     00.0    00.0   02.7     18.4    18:00      NW
25    04.8    07.3   13:29    03.3   07:19     13.5     00.0    00.0   02.6     10.3    18:02      NW
26    04.5    06.4   12:38    01.9   08:38     13.8     00.0    00.0   02.1     10.3    05:25     WNW
27    07.3    09.8   14:34    02.7   00:04     11.0     00.0    00.0   01.1     05.8    10:04      W 
28    08.5    09.4   12:57    07.6   00:00     09.8     00.0    00.0   01.1     05.8    12:31     WNW
29    07.7    10.4   12:45    05.3   23:53     10.6     00.0    00.3   04.2     17.3    13:38     WNW
30    05.9    07.9   14:42    03.3   23:19     12.4     00.0    00.0   03.7     18.4    01:56      NW
----------------------------------------------------------------------------------------------------------------------------------------------------------
06.5 (6.6)   15.6  day 02    -02.6  day 20   352.6    000.0   044.4   07.2     42.6   day 02      W 
Min <=   1: 6
Min <= -2: 1
Max Rain: 8.8 ON 3-11-14
Days of Rain: 16 (> .2mm) 7 (> 2mm) 0 (> 20mm)