NOAA style reports

NOAA-style Climate Reports

Select NOAA data to display

Select a Year or Month report

Report for 2013 Sep






                            MONTHLY CLIMATOLOGICAL SUMMARY for SEP. 2013

NAME:    CITY:  STATE: 
ELEV:  LAT:  LONG: 

                            TEMPERATURE ( C), RAIN (mm), WIND SPEED (mph)

                                               HEAT     COOL           AVG
      MEAN                                     DEG      DEG            WIND                       DOM
DAY   TEMP    HIGH   TIME     LOW    TIME      DAYS     DAYS    RAIN   SPEED    HIGH    TIME      DIR
----------------------------------------------------------------------------------------------------------------------------------------------------------
01    15.6    23.6   13:00    11.6   00:00     02.7     00.0    00.0   03.5     06.9    13:00     WSW
02    20.4    26.9   16:40    11.6   06:03     00.0     02.1    00.0   02.7     18.4    13:17      W 
03    19.4    27.3   13:54    12.4   06:49     00.0     01.1    00.0   00.3     13.8    16:58     WSW
04    18.5    27.2   15:01    11.6   06:08     00.0     00.2    00.0   01.7     16.1    16:01      E 
05    20.4    31.1   15:24    12.9   06:21     00.0     02.1    00.0   00.9     11.5    19:19     NNE
06    15.4    20.4   10:31    09.6   00:00     02.9     00.0    02.0   01.7     12.7    17:19      SW
07    13.6    20.6   14:21    07.9   06:22     04.7     00.0    00.0   02.9     23.0    16:45      S 
08    12.1    20.0   13:42    06.8   06:19     06.2     00.0    00.0   02.7     23.0    14:08     SSW
09    10.0    13.7   16:26    05.9   03:35     08.3     00.0    07.2   00.6     09.2    13:54     ENE
10    11.7    16.8   13:05    07.9   05:16     06.6     00.0    00.0   04.1     21.9    00:00     WNW
11    13.8    18.4   14:02    11.5   06:41     04.5     00.0    00.5   03.4     25.3    03:24     WNW
12    13.4    19.1   17:31    11.7   22:51     04.9     00.0    00.0   00.2     05.8    18:20     WSW
13    15.6    18.6   13:18    12.5   00:01     02.7     00.0    17.7   00.5     28.8    11:26     WNW
14    11.2    15.8   12:59    07.6   00:00     07.1     00.0    06.2   01.9     17.3    06:46      NW
15    10.7    15.9   11:30    04.3   06:06     07.6     00.0    01.0   05.1     24.1    17:24     WSW
16    10.5    15.2   16:51    07.1   06:00     07.8     00.0    00.5   04.8     28.8    06:23     WNW
17    10.5    15.8   12:58    06.9   04:00     07.8     00.0    04.6   03.1     28.8    08:51     WSW
18    11.9    16.8   13:54    09.1   00:00     06.4     00.0    00.0   02.8     20.7    12:53     WNW
19    11.8    16.6   12:50    07.2   05:18     06.5     00.0    01.0   03.3     28.8    12:23      SW
20    14.1    21.6   16:17    09.3   03:22     04.2     00.0    00.0   01.7     20.7    12:56      W 
21    14.2    19.7   14:18    08.7   06:31     04.1     00.0    00.0   01.9     13.8    14:58     WSW
22    16.7    18.6   00:00    14.0   23:00     01.6     00.0    00.0   01.5     12.7    00:01     WSW
23    17.1    18.6   00:01    14.9   23:00     01.2     00.0    00.0   00.0     10.3    00:01      N 
24    15.1    17.9   00:01    12.6   23:00     03.2     00.0    00.0   00.0     08.1    00:01      N 
25    18.0    22.7   14:47    12.6   07:02     00.3     00.0    00.0   00.5     08.1    15:19      NW
26    14.1    19.7   14:04    09.5   00:00     04.2     00.0    00.0   02.5     14.9    10:43     ENE
27    11.9    17.4   15:07    07.4   07:27     06.4     00.0    00.0   02.9     17.3    14:50      E 
28    13.8    18.9   13:43    09.6   03:00     04.5     00.0    00.0   04.5     19.6    18:50      E 
29    14.4    17.9   12:49    11.3   08:06     03.9     00.0    00.0   04.5     20.7    12:52     ENE
30    14.0    18.4   14:27    09.0   23:59     04.3     00.0    00.0   04.0     18.4    13:16      E 
----------------------------------------------------------------------------------------------------------------------------------------------------------
14.3 (14.8)   31.1  day 05     04.3  day 15   124.7    005.5   040.7   02.3     28.8   day 19     WSW
Max >=  25: 4
Max Rain: 17.7 ON 13-09-14
Days of Rain: 9 (> .2mm) 5 (> 2mm) 0 (> 20mm)