NOAA style reports

NOAA-style Climate Reports

Select NOAA data to display

Select a Year or Month report

Report for 2013 Aug






                            MONTHLY CLIMATOLOGICAL SUMMARY for AUG. 2013

NAME:    CITY:  STATE: 
ELEV:  LAT:  LONG: 

                            TEMPERATURE ( C), RAIN (mm), WIND SPEED (mph)

                                               HEAT     COOL           AVG
      MEAN                                     DEG      DEG            WIND                       DOM
DAY   TEMP    HIGH   TIME     LOW    TIME      DAYS     DAYS    RAIN   SPEED    HIGH    TIME      DIR
----------------------------------------------------------------------------------------------------------------------------------------------------------
01    24.3    33.4   16:22    15.1   05:42     00.0     06.0    00.0   02.8     21.9    16:35      SE
02    20.6    26.6   17:21    16.0   06:00     00.0     02.3    05.2   03.0     21.9    07:47     SSW
03    19.1    26.0   15:07    13.9   05:55     00.0     00.8    01.0   05.8     25.3    10:04     SSW
04    18.9    26.6   15:07    12.1   05:38     00.0     00.6    00.0   04.4     23.0    16:53      S 
05    19.4    25.8   12:09    14.9   00:00     00.0     01.1    14.4   03.2     21.9    13:39      S 
06    17.4    25.3   17:12    11.1   06:23     00.9     00.0    00.0   01.8     12.7    11:29      W 
07    17.3    23.1   14:35    12.5   00:00     01.0     00.0    00.0   01.7     14.9    15:33      NE
08    17.9    28.9   16:20    08.9   05:46     00.4     00.0    00.0   01.5     16.1    20:23      SW
09    19.3    25.3   15:40    14.6   04:17     00.0     01.0    00.5   03.8     24.1    13:55      SW
10    17.8    24.9   16:22    11.3   05:19     00.5     00.0    00.0   02.0     13.8    16:21      W 
11    18.2    24.9   15:32    10.9   01:05     00.1     00.0    00.0   02.9     29.9    09:05     WSW
12    17.4    23.7   14:21    12.4   00:00     00.9     00.0    00.0   02.7     24.1    18:27      W 
13    15.7    23.2   14:34    09.9   06:07     02.6     00.0    00.0   02.8     18.4    14:11      W 
14    17.8    26.4   16:22    10.6   06:18     00.5     00.0    00.0   02.2     17.3    20:08      SW
15    20.3    26.2   15:42    16.3   05:55     00.0     02.0    00.5   04.4     24.1    12:07     SSW
16    18.7    23.5   15:06    15.9   04:15     00.0     00.4    02.6   03.4     17.3    16:16     SSW
17    17.5    23.5   13:44    12.2   05:31     00.8     00.0    00.0   05.3     25.3    17:48     SSW
18    19.2    25.2   16:58    15.3   06:23     00.0     00.9    00.0   04.1     23.0    18:20      SW
19    18.1    25.1   16:00    12.3   06:23     00.2     00.0    00.0   02.6     21.9    14:13      W 
20    18.7    28.1   14:53    12.6   06:16     00.0     00.4    00.0   00.9     12.7    12:12      SW
21    19.3    27.9   16:30    10.4   06:11     00.0     01.0    00.0   01.3     13.8    17:29     SSW
22    17.4    20.5   11:41    15.6   00:00     00.9     00.0    04.1   00.5     05.8    09:26      E 
23    19.2    25.3   15:03    14.7   05:04     00.0     00.9    00.5   03.6     19.6    11:08     ENE
24    17.0    19.1   14:50    14.8   00:00     01.3     00.0    25.8   02.3     18.4    08:13      NW
25    18.0    23.5   15:14    13.8   04:07     00.3     00.0    05.1   02.3     17.3    11:47      NE
26    18.8    25.6   14:44    12.4   00:00     00.0     00.5    00.0   02.6     19.6    14:33      NE
27    16.8    24.3   17:13    11.5   02:23     01.5     00.0    00.0   00.9     19.6    03:31     NNW
28    16.8    24.8   15:47    11.2   01:36     01.5     00.0    00.0   00.8     12.7    17:35      NE
29    18.1    25.5   16:12    11.8   03:24     00.2     00.0    00.0   01.5     16.1    12:51      SW
30    19.8    25.6   15:22    14.9   03:13     00.0     01.5    00.0   03.0     23.0    18:52      SW
31    16.3    21.6   17:55    11.2   23:59     02.0     00.0    00.0   02.1     17.3    05:48     WNW
----------------------------------------------------------------------------------------------------------------------------------------------------------
18.4 (19.0)   33.4  day 01     08.9  day 08   015.5    019.4   059.7   02.6     29.9   day 05      SW
Max >=  25: 18
Max Rain: 25.8 ON 24-08-14
Days of Rain: 10 (> .2mm) 6 (> 2mm) 1 (> 20mm)