NOAA style reports

NOAA-style Climate Reports

Select NOAA data to display

Select a Year or Month report

Report for 2013 Mar






                            MONTHLY CLIMATOLOGICAL SUMMARY for MAR. 2013

NAME:    CITY:  STATE: 
ELEV:  LAT:  LONG: 

                            TEMPERATURE ( C), RAIN (mm), WIND SPEED (mph)

                                               HEAT     COOL           AVG
      MEAN                                     DEG      DEG            WIND                       DOM
DAY   TEMP    HIGH   TIME     LOW    TIME      DAYS     DAYS    RAIN   SPEED    HIGH    TIME      DIR
----------------------------------------------------------------------------------------------------------------------------------------------------------
01    04.5    07.3   12:41    02.9   00:00     13.8     00.0    00.0   02.3     16.1    11:27      NE
02    02.9    07.9   13:15   -03.1   23:53     15.4     00.0    00.0   00.5     08.1    17:12     NNE
03    03.3    10.0   13:21   -03.4   04:55     15.0     00.0    00.0   02.2     14.9    15:39     ENE
04    04.1    08.4   13:07   -00.2   00:00     14.2     00.0    00.0   04.8     20.7    14:44     ENE
05    06.5    16.8   14:35   -01.4   06:06     11.8     00.0    00.0   01.0     10.3    16:51      E 
06    08.8    16.6   12:46    05.9   05:37     09.5     00.0    00.0   01.6     10.3    15:06     ENE
07    07.6    10.1   13:59    06.4   05:32     10.7     00.0    05.1   01.5     12.7    14:23      NE
08    07.8    09.5   13:26    06.7   00:00     10.5     00.0    13.3   00.9     28.8    20:06     NNE
09    05.1    06.8   13:50    02.2   23:33     13.2     00.0    01.0   01.8     12.7    14:11     WNW
10    01.2    02.8   11:32   -00.2   20:33     17.1     00.0    01.5   03.0     18.4    15:11     NNE
11   -00.9    01.4   12:52   -02.5   22:55     19.2     00.0    00.5   06.4     23.0    16:22     NNE
12    00.7    05.3   13:17   -02.9   02:01     17.6     00.0    01.0   05.2     25.3    10:31     NNE
13    02.0    07.8   13:15   -02.1   00:00     16.3     00.0    00.0   02.4     19.6    09:50      NW
14    02.3    09.6   14:21   -03.9   05:31     16.0     00.0    00.0   01.6     16.1    14:20      W 
15    05.2    09.3   11:37   -00.5   00:49     13.1     00.0    02.5   06.0     25.3    17:51      S 
16    06.0    07.1   17:01    04.2   22:04     12.3     00.0    03.0   08.0     24.1    12:21     SSE
17    05.3    10.1   11:52    01.4   00:00     13.0     00.0    02.5   03.4     19.6    11:33     SSE
18    03.5    13.0   12:24   -01.9   03:19     14.8     00.0    00.0   01.0     11.5    12:50     ENE
19    04.5    09.4   12:29   -00.8   22:27     13.8     00.0    00.0   00.5     08.1    17:56     ENE
20    03.1    07.2   08:08    00.8   22:34     15.2     00.0    00.0   00.9     10.3    18:03     NNE
21    03.1    07.3   13:23   -02.2   05:36     15.2     00.0    00.0   05.1     21.9    22:47     ENE
22    03.6    05.8   12:22    01.8   23:07     14.7     00.0    00.5   11.9     33.4    15:02     ENE
23    00.6    02.1   02:15   -00.1   00:00     17.7     00.0    01.5   05.4     28.8    19:24      NE
24   -00.1    00.9   22:47   -01.0   08:34     18.4     00.0    00.0   00.0     28.8    03:04     NNE
25    00.8    02.1   16:10   -00.4   05:50     17.5     00.0    00.0   03.0     25.3    12:37      NE
26    00.9    03.0   13:12   -01.0   23:42     17.4     00.0    00.0   04.3     21.9    16:22      NE
27    01.1    05.9   13:53   -02.7   04:06     17.2     00.0    00.0   02.8     17.3    09:38      NE
28    01.5    06.1   13:50   -02.5   01:33     16.8     00.0    00.0   02.1     14.9    13:37      NE
29    02.3    07.6   11:54   -02.4   00:35     16.0     00.0    00.0   02.7     16.1    16:26      NE
30    02.4    08.5   12:32   -02.8   00:00     15.9     00.0    00.0   02.3     14.9    12:36      NE
31    01.1    08.6   14:05   -05.2   06:16     17.2     00.0    00.0   02.3     14.9    14:29     ENE
----------------------------------------------------------------------------------------------------------------------------------------------------------
03.3 (3.6)   16.8  day 05    -05.2  day 31   466.4    000.0   032.5   03.1     33.4   day 22     ENE
Max <=   5: 6
Min <=   1: 23
Min <= -2: 12
Min <=  -5: 1
Max Rain: 13.3 ON 8-03-14
Days of Rain: 11 (> .2mm) 5 (> 2mm) 0 (> 20mm)