NOAA style reports

NOAA-style Climate Reports

Select NOAA data to display

Select a Year or Month report

Report for 2013 Feb






                            MONTHLY CLIMATOLOGICAL SUMMARY for FEB. 2013

NAME:    CITY:  STATE: 
ELEV:  LAT:  LONG: 

                            TEMPERATURE ( C), RAIN (mm), WIND SPEED (mph)

                                               HEAT     COOL           AVG
      MEAN                                     DEG      DEG            WIND                       DOM
DAY   TEMP    HIGH   TIME     LOW    TIME      DAYS     DAYS    RAIN   SPEED    HIGH    TIME      DIR
----------------------------------------------------------------------------------------------------------------------------------------------------------
01    04.7    07.5   13:17    00.3   22:57     13.6     00.0    05.1   02.3     24.1    03:55      W 
02    02.6    06.2   14:23   -01.9   23:57     15.7     00.0    00.0   03.4     24.1    11:21     WNW
03    04.3    08.4   21:46   -01.8   00:39     14.0     00.0    00.0   04.6     24.1    12:23      SW
04    08.2    11.2   12:54    04.9   23:13     10.1     00.0    00.0   06.6     25.3    08:52     WSW
05    03.7    06.5   14:10    00.9   07:39     14.6     00.0    03.1   06.7     28.8    04:48     WSW
06    03.5    06.7   12:44    00.5   00:00     14.8     00.0    01.0   04.6     27.6    13:19     WNW
07    02.2    07.6   14:47   -00.8   23:32     16.1     00.0    00.0   03.8     20.7    04:31     WNW
08    01.9    07.4   13:02   -02.6   07:14     16.4     00.0    00.0   02.7     20.7    21:31     WNW
09    01.8    06.9   13:03   -03.1   07:03     16.5     00.0    00.5   00.5     08.1    13:16     SSW
10    02.1    03.8   10:51    00.1   00:00     16.2     00.0    09.7   05.5     28.8    21:40     ENE
11    00.7    01.6   13:30    00.1   08:00     17.6     00.0    08.1   03.1     17.3    01:24      NE
12    01.1    02.3   13:58    00.0   19:07     17.2     00.0    01.5   01.4     11.5    04:13      NE
13    00.1    03.3   11:27   -04.7   07:24     18.2     00.0    00.5   03.4     16.1    11:49      SE
14    06.0    12.3   14:19    01.7   00:01     12.3     00.0    04.6   04.2     19.6    15:17      SW
15    06.1    11.9   14:55    01.7   07:10     12.2     00.0    00.0   01.5     17.3    12:10      W 
16    05.8    11.8   14:08   -00.1   00:00     12.5     00.0    00.0   00.2     04.6    15:52     ESE
17    02.6    09.5   12:41   -02.9   05:11     15.7     00.0    00.0   02.7     14.9    19:13     ENE
18    03.5    08.1   12:30   -00.4   07:43     14.8     00.0    00.0   02.2     13.8    13:23     ENE
19    03.0    11.2   12:50   -03.1   07:31     15.3     00.0    00.0   00.8     11.5    21:18     NNW
20    02.8    04.4   14:16    01.4   00:00     15.5     00.0    00.0   06.5     20.7    20:42     ENE
21    01.1    02.3   14:39    00.2   23:10     17.2     00.0    00.0   05.4     17.3    01:31     ENE
22    00.7    02.9   13:45   -00.2   07:25     17.6     00.0    00.0   03.6     16.1    14:57      NE
23    00.9    02.9   14:34   -00.5   04:16     17.4     00.0    00.0   02.3     13.8    12:38     NNE
24    01.2    03.1   15:20    00.2   06:41     17.1     00.0    00.0   02.1     14.9    14:58      N 
25    02.7    04.2   14:15    00.4   01:37     15.6     00.0    00.5   02.7     20.7    20:28     NNE
26    03.7    05.0   14:49    02.3   00:48     14.6     00.0    00.0   02.7     13.8    21:44      NE
27    03.4    07.1   13:32    01.8   06:40     14.9     00.0    00.5   02.9     16.1    17:00     NNE
28    04.3    09.2   14:29    01.6   02:57     14.0     00.0    00.0   02.7     17.3    10:19      NE
----------------------------------------------------------------------------------------------------------------------------------------------------------
03.0 (3.2)   12.3  day 14    -04.7  day 13   427.8    000.0   035.0   03.3     28.8   day 05     N
Max <=   5: 11
Min <=   1: 21
Min <= -2: 5
Max Rain: 9.7 ON 10-02-14
Days of Rain: 11 (> .2mm) 5 (> 2mm) 0 (> 20mm)