NOAA style reports

NOAA-style Climate Reports

Select NOAA data to display

Select a Year or Month report

Report for 2013 Jan






                            MONTHLY CLIMATOLOGICAL SUMMARY for JAN. 2013

NAME:    CITY:  STATE: 
ELEV:  LAT:  LONG: 

                            TEMPERATURE ( C), RAIN (mm), WIND SPEED (mph)

                                               HEAT     COOL           AVG
      MEAN                                     DEG      DEG            WIND                       DOM
DAY   TEMP    HIGH   TIME     LOW    TIME      DAYS     DAYS    RAIN   SPEED    HIGH    TIME      DIR
----------------------------------------------------------------------------------------------------------------------------------------------------------
01    05.5    08.5   01:06    02.3   08:15     12.8     00.0    00.5   03.3     16.1    14:22     WSW
02    07.2    09.6   23:30    02.8   06:01     11.1     00.0    02.5   03.1     14.9    19:14     WSW
03    09.4    11.3   13:43    08.2   07:32     08.9     00.0    00.0   03.3     18.4    07:22      W 
04    09.2    10.5   13:16    08.1   00:00     09.1     00.0    00.0   02.9     19.6    13:04     WSW
05    08.0    10.9   13:25    04.7   23:03     10.3     00.0    00.0   01.7     13.8    13:58     WSW
06    07.3    09.5   13:47    05.7   00:01     11.0     00.0    00.0   01.4     10.3    15:29      SW
07    07.5    08.9   13:45    06.3   21:06     10.8     00.0    00.0   02.6     11.5    19:16     SSW
08    09.0    10.9   12:16    07.2   08:36     09.3     00.0    00.0   03.2     16.1    14:55     SSW
09    05.6    08.8   00:01   -00.8   23:37     12.7     00.0    02.5   00.5     09.2    12:34     WNW
10    01.0    02.3   15:00   -01.1   01:44     17.3     00.0    00.0   01.1     10.3    23:57      W 
11    02.7    07.1   13:59   -01.1   22:16     15.6     00.0    00.5   01.3     10.3    08:23     WNW
12    02.3    05.2   13:23   -01.7   02:32     16.0     00.0    00.0   04.7     18.4    15:44     ENE
13    01.4    03.4   12:18   -02.2   23:50     16.9     00.0    00.0   01.9     13.8    00:59     NNE
14    00.3    02.2   14:09   -01.9   00:02     18.0     00.0    01.5   02.3     23.0    23:15     WSW
15   -00.2    02.3   11:25   -04.1   23:45     18.5     00.0    02.0   02.0     18.4    00:07      NW
16   -02.4    01.8   14:20   -06.1   23:48     20.7     00.0    00.0   00.4     09.2    16:04      NW
17   -03.2    02.9   12:14   -07.6   07:42     21.5     00.0    00.0   00.2     04.6    14:36      NE
18   -01.3   -00.1   20:47   -03.4   00:04     19.6     00.0    00.0   05.1     20.7    16:59      E 
19   -00.1    00.8   12:46   -00.8   00:00     18.4     00.0    00.0   03.1     13.8    17:35     NNE
20   -00.7    01.1   14:26   -02.1   00:00     19.0     00.0    00.0   01.8     12.7    11:02     NNE
21   -00.7    02.3   14:25   -03.9   23:45     19.0     00.0    00.0   00.2     06.9    11:01     SSE
22    00.5    05.1   11:54   -04.6   04:08     17.8     00.0    00.0   03.0     16.1    18:41     ENE
23    01.4    02.8   14:15    00.1   23:33     16.9     00.0    00.0   02.8     12.7    19:05     ENE
24    00.3    02.7   12:04   -04.6   00:00     18.0     00.0    00.0   00.9     11.5    08:56     NNE
25   -01.9    01.8   14:16   -07.0   06:19     20.2     00.0    00.0   02.6     17.3    23:20     SSE
26    03.8    08.2   13:05    00.3   03:10     14.5     00.0    05.6   03.8     20.7    00:00     SSW
27    07.1    10.1   13:27    02.9   00:00     11.2     00.0    07.1   06.3     25.3    14:45      SW
28    05.9    09.9   00:00    01.3   07:44     12.4     00.0    02.5   07.2     31.1    18:10     SSW
29    11.3    13.5   15:00    09.0   08:26     07.0     00.0    00.5   08.2     28.8    19:59     SSW
30    09.3    11.8   12:41    06.2   22:53     09.0     00.0    06.6   08.7     32.2    13:33      SW
31    08.1    10.9   14:28    06.1   02:51     10.2     00.0    01.0   08.9     28.8    07:32      SW
----------------------------------------------------------------------------------------------------------------------------------------------------------
03.7 (3.5)   13.5  day 29    -07.6  day 17   453.9    000.0   040.6   03.2     32.2   day 29      SW
Max <=   5: 13
Min <=   1: 18
Min <= -2: 10
Min <=  -5: 3
Max Rain: 7.1 ON 27-01-14
Days of Rain: 12 (> .2mm) 7 (> 2mm) 0 (> 20mm)